000
CDUS45 KGJT 262328
CLIGJT


CLIMATE REPORT
NATIONAL WEATHER SERVICE GRAND JUNCTION CO
526 PM MDT SAT MAY 26 2018


...................................

...THE GRAND JUNCTION CO CLIMATE SUMMARY FOR MAY 26 2018...
VALID TODAY AS OF 0500 PM LOCAL TIME.

CLIMATE NORMAL PERIOD 1981 TO 2010
CLIMATE RECORD PERIOD 1893 TO 2018


WEATHER ITEM   OBSERVED TIME   RECORD YEAR NORMAL DEPARTURE LAST
                VALUE   (LST)  VALUE       VALUE  FROM      YEAR
                                                  NORMAL
..................................................................
TEMPERATURE (F)
 TODAY
  MAXIMUM         94R   147 PM  93    1969  80     14       85
                                      1958
  MINIMUM         56    521 AM  34    1980  50      6       55
  AVERAGE         75                        65     10       70

PRECIPITATION (IN)
  TODAY            0.00          0.52 1967   0.02  -0.02      T
  MONTH TO DATE    0.19                      0.76  -0.57     0.66
  SINCE MAR 1      1.47                      2.59  -1.12     1.28
  SINCE JAN 1      2.95                      3.71  -0.76     2.83

SNOWFALL (IN)
  TODAY            0.0           T    2009   0.0    0.0      0.0
  MONTH TO DATE    0.0                       0.1   -0.1       T
  SINCE MAR 1      0.2                       3.6   -3.4       T
  SINCE JUL 1      9.0                      19.1  -10.1     13.9
  SNOW DEPTH       0

DEGREE DAYS
 HEATING
  TODAY            0                         3     -3        0
  MONTH TO DATE   64                       143    -79      156
  SINCE MAR 1    987                      1198   -211      969
  SINCE JUL 1   4957                      5577   -620     4616

 COOLING
  TODAY           10                         2      8        5
  MONTH TO DATE   60                        32     28       31
  SINCE MAR 1     62                        35     27       32
  SINCE JAN 1     62                        35     27       32
..................................................................


WIND (MPH)
  HIGHEST WIND SPEED    33   HIGHEST WIND DIRECTION     S (180)
  HIGHEST GUST SPEED    43   HIGHEST GUST DIRECTION    SW (210)
  AVERAGE WIND SPEED    15.8


SKY COVER
  POSSIBLE SUNSHINE  MM
  AVERAGE SKY COVER 0.0


WEATHER CONDITIONS
 THE FOLLOWING WEATHER WAS RECORDED TODAY.
  NO SIGNIFICANT WEATHER WAS OBSERVED.


RELATIVE HUMIDITY (PERCENT)
 HIGHEST    23           300 AM
 LOWEST      6           100 PM
 AVERAGE    15

..........................................................


THE GRAND JUNCTION CO CLIMATE NORMALS FOR TOMORROW
                         NORMAL    RECORD    YEAR
 MAXIMUM TEMPERATURE (F)   80        93      2003
                                             1969
 MINIMUM TEMPERATURE (F)   50        36      1973


SUNRISE AND SUNSET
MAY 26 2018...........SUNRISE   553 AM MDT   SUNSET   830 PM MDT
MAY 27 2018...........SUNRISE   552 AM MDT   SUNSET   831 PM MDT


-  INDICATES NEGATIVE NUMBERS.
R  INDICATES RECORD WAS SET OR TIED.
MM INDICATES DATA IS MISSING.
T  INDICATES TRACE AMOUNT.




$$
