708
CDUS43 KGLD 250800
CLIGLD

CLIMATE REPORT
NATIONAL WEATHER SERVICE GOODLAND
156 AM MDT WED APR 25 2018

...................................

...THE GOODLAND KS CLIMATE SUMMARY FOR APRIL 24 2018...

CLIMATE NORMAL PERIOD 1981 TO 2010
CLIMATE RECORD PERIOD 1895 TO 2018

WEATHER ITEM   OBSERVED TIME   RECORD YEAR NORMAL DEPARTURE LAST
                VALUE   (LST)  VALUE       VALUE  FROM      YEAR
                                                  NORMAL
..................................................................
TEMPERATURE (F)
 YESTERDAY
  MAXIMUM         50    124 AM  93    2012  66    -16       74
  MINIMUM         32   1154 PM  19    2013  38     -6       48
  AVERAGE         41                        52    -11       61

PRECIPITATION (IN)
  YESTERDAY        0.61          1.92 1932   0.07   0.54     0.00
  MONTH TO DATE    1.48                      1.22   0.26     1.15
  SINCE MAR 1      1.89                      2.29  -0.40     2.83
  SINCE JAN 1      3.18                      3.16   0.02     3.76

SNOWFALL (IN)
  YESTERDAY        0.1                       0.1    0.0      0.0
  MONTH TO DATE    3.9                       3.8    0.1      0.0
  SINCE MAR 1      4.8                      10.6   -5.8       T
  SINCE JUL 1     25.3                      34.6   -9.3      9.4
  SNOW DEPTH       0

DEGREE DAYS
 HEATING
  YESTERDAY       24                        13     11        4
  MONTH TO DATE  513                       406    107      281
  SINCE MAR 1   1208                      1164     44      876
  SINCE JUL 1   5453                      5581   -128     4761

 COOLING
  YESTERDAY        0                         0      0        0
  MONTH TO DATE    0                         0      0        7
  SINCE MAR 1      0                         0      0        7
  SINCE JAN 1      0                         0      0        7
..................................................................

WIND (MPH)
  HIGHEST WIND SPEED    28   HIGHEST WIND DIRECTION     N (350)
  HIGHEST GUST SPEED    37   HIGHEST GUST DIRECTION     N (10)
  AVERAGE WIND SPEED    17.7


SKY COVER
  AVERAGE SKY COVER 1.0


WEATHER CONDITIONS
 THE FOLLOWING WEATHER WAS RECORDED YESTERDAY.
  HEAVY RAIN
  RAIN
  LIGHT RAIN
  LIGHT SNOW
  FOG


RELATIVE HUMIDITY (PERCENT)
 HIGHEST   100
 LOWEST     76
 AVERAGE    88

..........................................................


THE GOODLAND KS CLIMATE NORMALS FOR TODAY
                         NORMAL    RECORD    YEAR
 MAXIMUM TEMPERATURE (F)   67        88      1981
 MINIMUM TEMPERATURE (F)   38        22      2002


SUNRISE AND SUNSET
APRIL 25 2018.........SUNRISE   556 AM MDT   SUNSET   734 PM MDT
APRIL 26 2018.........SUNRISE   554 AM MDT   SUNSET   735 PM MDT


-  INDICATES NEGATIVE NUMBERS.
R  INDICATES RECORD WAS SET OR TIED.
MM INDICATES DATA IS MISSING.
T  INDICATES TRACE AMOUNT.

&&

THE AVERAGE SOIL TEMPERATURE AT THE FOUR INCH DEPTH... 49

$$
