000
CDUS42 KRAH 220746
CLIGSO


CLIMATE REPORT
NATIONAL WEATHER SERVICE RALEIGH NC
344 AM EDT TUE MAY 22 2018


...................................

...THE PIEDMONT TRIAD INTL AIRPORT NC CLIMATE SUMMARY FOR MAY 21 2018...

CLIMATE NORMAL PERIOD 1981 TO 2010
CLIMATE RECORD PERIOD 1903 TO 2018


WEATHER ITEM   OBSERVED TIME   RECORD YEAR NORMAL DEPARTURE LAST
                VALUE   (LST)  VALUE       VALUE  FROM      YEAR
                                                  NORMAL
..................................................................
TEMPERATURE (F)
 YESTERDAY
  MAXIMUM         84    230 PM  96    1941  79      5       68
                                      1917
  MINIMUM         65    521 AM  42    1954  58      7       60
  AVERAGE         75                        68      7       64

PRECIPITATION (IN)
  YESTERDAY        0.10          2.60 1909   0.11  -0.01     0.08
  MONTH TO DATE    2.83                      2.20   0.63     3.00
  SINCE MAR 1     11.58                      9.50   2.08    11.30
  SINCE JAN 1     17.79                     15.52   2.27    16.91

DEGREE DAYS
 HEATING
  YESTERDAY        0                         1     -1        1
  MONTH TO DATE    3                        57    -54       51
  SINCE MAR 1    866                       748    118      603
  SINCE JUL 1   3565                      3603    -38     2773

 COOLING
  YESTERDAY       10                         5      5        0
  MONTH TO DATE  156                        64     92       83
  SINCE MAR 1    169                       102     67      179
  SINCE JAN 1    177                       102     75      183
..................................................................


WIND (MPH)
  HIGHEST WIND SPEED    17   HIGHEST WIND DIRECTION     S (160)
  HIGHEST GUST SPEED    20   HIGHEST GUST DIRECTION     S (190)
  AVERAGE WIND SPEED     5.2


SKY COVER
  POSSIBLE SUNSHINE  MM
  AVERAGE SKY COVER 0.9


WEATHER CONDITIONS
 THE FOLLOWING WEATHER WAS RECORDED YESTERDAY.
  THUNDERSTORM
  LIGHT RAIN
  FOG


RELATIVE HUMIDITY (PERCENT)
 HIGHEST   100           400 AM
 LOWEST     58           200 PM
 AVERAGE    79

..........................................................


THE PIEDMONT TRIAD INTL AIRPORT NC CLIMATE NORMALS FOR TODAY
                         NORMAL    RECORD    YEAR
 MAXIMUM TEMPERATURE (F)   79        97      1941
 MINIMUM TEMPERATURE (F)   58        40      2002


SUNRISE AND SUNSET
MAY 22 2018...........SUNRISE   609 AM EDT   SUNSET   824 PM EDT
MAY 23 2018...........SUNRISE   608 AM EDT   SUNSET   825 PM EDT


-  INDICATES NEGATIVE NUMBERS.
R  INDICATES RECORD WAS SET OR TIED.
MM INDICATES DATA IS MISSING.
T  INDICATES TRACE AMOUNT.




$$
