000
CDUS45 KTFX 230754
CLIGTF


CLIMATE REPORT
NATIONAL WEATHER SERVICE GREAT FALLS MT
152 AM MDT MON APR 23 2018


...................................

...THE GREAT FALLS MT CLIMATE SUMMARY FOR APRIL 22 2018...

CLIMATE NORMAL PERIOD 1981 TO 2010
CLIMATE RECORD PERIOD 1886 TO 2018


WEATHER ITEM   OBSERVED TIME   RECORD YEAR NORMAL DEPARTURE LAST
                VALUE   (LST)  VALUE       VALUE  FROM      YEAR
                                                  NORMAL
..................................................................
TEMPERATURE (F)
 YESTERDAY
  MAXIMUM         59    308 PM  83    1969  58      1       62
  MINIMUM         33    528 AM   8    1967  32      1       35
  AVERAGE         46                        45      1       49

PRECIPITATION (IN)
  YESTERDAY        0.00          0.77 1932   0.05  -0.05     0.00
  MONTH TO DATE    1.47                      1.00   0.47     2.85
  SINCE OCT 1      7.08                      4.89   2.19     7.61
  SINCE JAN 1      4.22                      2.89   1.33     4.68

SNOWFALL (IN)
  YESTERDAY        0.0           8.9  2011   0.2   -0.2      0.0
  MONTH TO DATE   20.2                       6.7   13.5      5.0
  SINCE MAR 1     32.6                      18.6   14.0     10.6
  SINCE JUL 1    104.9                      58.6   46.3     48.4
  SNOW DEPTH       0

DEGREE DAYS
 HEATING
  YESTERDAY       19                        20     -1       16
  MONTH TO DATE  673                       507    166      462
  SINCE MAR 1   1770                      1460    310     1301
  SINCE JUL 1   7659                      6965    694     6999

 COOLING
  YESTERDAY        0                         0      0        0
  MONTH TO DATE    0                         0      0        0
  SINCE MAR 1      0                         0      0        0
  SINCE JAN 1      0                         0      0        0
..................................................................


WIND (MPH)
  HIGHEST WIND SPEED    20   HIGHEST WIND DIRECTION    NE (40)
  HIGHEST GUST SPEED    26   HIGHEST GUST DIRECTION    NE (30)
  AVERAGE WIND SPEED     9.9


SKY COVER
  AVERAGE SKY COVER 0.1


WEATHER CONDITIONS
 THE FOLLOWING WEATHER WAS RECORDED YESTERDAY.
  NO SIGNIFICANT WEATHER WAS OBSERVED.


RELATIVE HUMIDITY (PERCENT)
 HIGHEST    59           300 AM
 LOWEST     17           300 PM
 AVERAGE    38

..........................................................


THE GREAT FALLS MT CLIMATE NORMALS FOR TODAY
                         NORMAL    RECORD    YEAR
 MAXIMUM TEMPERATURE (F)   58        84      2012
 MINIMUM TEMPERATURE (F)   32        16      1931
                                             1893


SUNRISE AND SUNSET
APRIL 23 2018.........SUNRISE   622 AM MDT   SUNSET   826 PM MDT
APRIL 24 2018.........SUNRISE   620 AM MDT   SUNSET   828 PM MDT


-  INDICATES NEGATIVE NUMBERS.
R  INDICATES RECORD WAS SET OR TIED.
MM INDICATES DATA IS MISSING.
T  INDICATES TRACE AMOUNT.




$$
