000
CDUS46 KPQR 210222
CLIHIO


CLIMATE REPORT
NATIONAL WEATHER SERVICE PORTLAND OREGON
722 PM PDT SUN MAY 20 2018


...................................

...THE HILLSBORO OR CLIMATE SUMMARY FOR MAY 20 2018...
VALID TODAY AS OF 0500 PM LOCAL TIME.

CLIMATE NORMAL PERIOD 1981 TO 2010
CLIMATE RECORD PERIOD 1929 TO 2018


WEATHER ITEM   OBSERVED TIME   RECORD YEAR NORMAL DEPARTURE LAST
                VALUE   (LST)  VALUE       VALUE  FROM      YEAR
                                                  NORMAL
..................................................................
TEMPERATURE (F)
 TODAY
  MAXIMUM         71    451 PM  92    1963  69      2       72
  MINIMUM         52    500 AM  30    1975  45      7       48
  AVERAGE         62                        57      5       60

PRECIPITATION (IN)
  TODAY            0.00                      0.06  -0.06     0.00
  MONTH TO DATE    0.10                      1.58  -1.48     1.76
  SINCE OCT 1     25.83                     35.18  -9.35    46.13
  SINCE JAN 1     13.53                     18.79  -5.26    26.45

DEGREE DAYS
 HEATING
  TODAY            3                                         5
  MONTH TO DATE   99                                       202
  SINCE MAR 1   1123                                      1221
  SINCE JUL 1   4349                                      4750

 COOLING
  TODAY            0                                         0
  MONTH TO DATE    8                                         9
  SINCE MAR 1     12                                         9
  SINCE JAN 1     12                                         9
..................................................................


WIND (MPH)
  HIGHEST WIND SPEED    15   HIGHEST WIND DIRECTION    NW (320)
  HIGHEST GUST SPEED    17   HIGHEST GUST DIRECTION    NW (320)
  AVERAGE WIND SPEED     5.8


SKY COVER
  POSSIBLE SUNSHINE  MM
  AVERAGE SKY COVER 0.8


WEATHER CONDITIONS
 THE FOLLOWING WEATHER WAS RECORDED TODAY.
  NO SIGNIFICANT WEATHER WAS OBSERVED.


RELATIVE HUMIDITY (PERCENT)
 HIGHEST    89           500 AM
 LOWEST     44           300 PM
 AVERAGE    67

..........................................................


THE HILLSBORO OR CLIMATE NORMALS FOR TOMORROW
                         NORMAL    RECORD    YEAR
 MAXIMUM TEMPERATURE (F)   69        91      1958
 MINIMUM TEMPERATURE (F)   45        32      1935


SUNRISE AND SUNSET
MAY 20 2018...........SUNRISE   536 AM PDT   SUNSET   842 PM PDT
MAY 21 2018...........SUNRISE   535 AM PDT   SUNSET   843 PM PDT


-  INDICATES NEGATIVE NUMBERS.
R  INDICATES RECORD WAS SET OR TIED.
MM INDICATES DATA IS MISSING.
T  INDICATES TRACE AMOUNT.




$$
