000
CDUS44 KHGX 220722
CLIHOU


CLIMATE REPORT
NATIONAL WEATHER SERVICE HOUSTON/GALVESTON TX
222 AM CDT SUN APR 22 2018


...................................

...THE HOUSTON INTERCONTINENTAL CLIMATE SUMMARY FOR APRIL 21 2018...

CLIMATE NORMAL PERIOD 1981 TO 2010
CLIMATE RECORD PERIOD 1892 TO 2018


WEATHER ITEM   OBSERVED TIME   RECORD YEAR NORMAL DEPARTURE LAST
                VALUE   (LST)  VALUE       VALUE  FROM      YEAR
                                                  NORMAL
..................................................................
TEMPERATURE (F)
 YESTERDAY
  MAXIMUM         74    240 PM  90    1987  81     -7       88
                                      1981
  MINIMUM         59   1251 AM  42    1978  61     -2       67
  AVERAGE         67                        71     -4       78

PRECIPITATION (IN)
  YESTERDAY        1.12          3.76 1890   0.12   1.00     0.00
  MONTH TO DATE    1.90                      2.19  -0.29     1.67
  SINCE MAR 1      4.87                      5.60  -0.73     7.30
  SINCE JAN 1     13.66                     12.18   1.48    15.81

SNOWFALL (IN)
  YESTERDAY        0.0          MM      MM
  MONTH TO DATE    0.0
  SINCE MAR 1      0.0
  SINCE JUL 1      0.8

DEGREE DAYS
 HEATING
  YESTERDAY        0                         1     -1        0
  MONTH TO DATE   46                        33     13        0
  SINCE MAR 1    104                       174    -70       52
  SINCE JUL 1   1230                      1362   -132      652

 COOLING
  YESTERDAY        2                         6     -4       13
  MONTH TO DATE   80                       105    -25      151
  SINCE MAR 1    224                       176     48      309
  SINCE JAN 1    312                       214     98      488
..................................................................


WIND (MPH)
  HIGHEST WIND SPEED    22   HIGHEST WIND DIRECTION    SE (140)
  HIGHEST GUST SPEED    26   HIGHEST GUST DIRECTION    SE (140)




RELATIVE HUMIDITY (PERCENT)
 HIGHEST   100
 LOWEST     78
 AVERAGE    89

..........................................................


THE HOUSTON INTERCONTINENTAL CLIMATE NORMALS FOR TODAY
                         NORMAL    RECORD    YEAR
 MAXIMUM TEMPERATURE (F)   81        90      2011
                                             2009
 MINIMUM TEMPERATURE (F)   61        43      1993
                                             1931


SUNRISE AND SUNSET
APRIL 22 2018.........SUNRISE   647 AM CDT   SUNSET   753 PM CDT
APRIL 23 2018.........SUNRISE   646 AM CDT   SUNSET   754 PM CDT


-  INDICATES NEGATIVE NUMBERS.
R  INDICATES RECORD WAS SET OR TIED.
MM INDICATES DATA IS MISSING.
T  INDICATES TRACE AMOUNT.




...................................

...THE HOUSTON/HOBBY AIRPORT CLIMATE SUMMARY FOR APRIL 21 2018...

CLIMATE NORMAL PERIOD 1981 TO 2010
CLIMATE RECORD PERIOD 1930 TO 2018


WEATHER ITEM   OBSERVED TIME   RECORD YEAR NORMAL DEPARTURE LAST
                VALUE   (LST)  VALUE       VALUE  FROM      YEAR
                                                  NORMAL
..................................................................
TEMPERATURE (F)
 YESTERDAY
  MAXIMUM         75    236 PM  87    1987  80     -5       84
                                      1972
  MINIMUM         63   1213 AM  46    1978  62      1       69
  AVERAGE         69                        71     -2       77

PRECIPITATION (IN)
  YESTERDAY        1.54R         1.04 1982   0.11   1.43      T
  MONTH TO DATE    2.71                      2.17   0.54     2.98
  SINCE MAR 1      4.64                      5.37  -0.73    11.13
  SINCE JAN 1     11.88                     12.45  -0.57    17.25

SNOWFALL (IN)
  YESTERDAY        0.0          MM      MM
  MONTH TO DATE    0.0
  SINCE MAR 1      0.0
  SINCE JUL 1      1.5

DEGREE DAYS
 HEATING
  YESTERDAY        0                         0      0        0
  MONTH TO DATE   42                        27     15        0
  SINCE MAR 1     95                       148    -53       42
  SINCE JUL 1   1134                      1218    -84      540

 COOLING
  YESTERDAY        4                         7     -3       12
  MONTH TO DATE   75                       106    -31      155
  SINCE MAR 1    213                       175     38      327
  SINCE JAN 1    304                       213     91      514
..................................................................


WIND (MPH)
  HIGHEST WIND SPEED    18   HIGHEST WIND DIRECTION     S (160)
  HIGHEST GUST SPEED    25   HIGHEST GUST DIRECTION     S (170)




RELATIVE HUMIDITY (PERCENT)
 HIGHEST   100
 LOWEST     84
 AVERAGE    92

..........................................................


THE HOUSTON/HOBBY AIRPORT CLIMATE NORMALS FOR TODAY
                         NORMAL    RECORD    YEAR
 MAXIMUM TEMPERATURE (F)   80        90      2009
 MINIMUM TEMPERATURE (F)   63        38      1931


SUNRISE AND SUNSET
APRIL 22 2018.........SUNRISE   647 AM CDT   SUNSET   752 PM CDT
APRIL 23 2018.........SUNRISE   646 AM CDT   SUNSET   753 PM CDT


-  INDICATES NEGATIVE NUMBERS.
R  INDICATES RECORD WAS SET OR TIED.
MM INDICATES DATA IS MISSING.
T  INDICATES TRACE AMOUNT.




$$
