000
CDUS46 KSEW 212329 CCA
CLIHQM

CLIMATE REPORT...CORRECTED
NATIONAL WEATHER SERVICE SEATTLE WA
429 PM PDT SAT APR 21 2018


...................................

...THE HOQUIAM WA AIRPORT CLIMATE SUMMARY FOR APRIL 20 2018...

CLIMATE NORMAL PERIOD 1981 TO 2010
CLIMATE RECORD PERIOD 1953 TO 2018


WEATHER ITEM   OBSERVED TIME   RECORD YEAR NORMAL DEPARTURE LAST
                VALUE   (LST)  VALUE       VALUE  FROM      YEAR
                                                  NORMAL
..................................................................
TEMPERATURE (F)
 YESTERDAY
  MAXIMUM         54    229 PM  83    1956  56     -2       56
  MINIMUM         40    554 AM  32    2011  42     -2       46
                                      1961
  AVERAGE         47                        49     -2       51

PRECIPITATION (IN)
  YESTERDAY        0.13          0.73 1972   0.17  -0.04     0.44
  MONTH TO DATE    9.59                      3.64   5.95     6.07
  SINCE OCT 1     63.84                     55.83   8.01    76.34
  SINCE JAN 1     32.25                     28.17   4.08    34.80

DEGREE DAYS
 HEATING
  YESTERDAY       18                        16      2       14
  MONTH TO DATE  326                       337    -11      320
  SINCE MAR 1    932                       926      6      923

 COOLING
  YESTERDAY        0                         0      0        0
  MONTH TO DATE    0                         0      0        0
  SINCE MAR 1      0                         0      0        0
  SINCE JAN 1      0                         0      0        0
..................................................................


WIND (MPH)
  RESULTANT WIND SPEED   3   RESULTANT WIND DIRECTION   S (190)
  HIGHEST WIND SPEED    22   HIGHEST WIND DIRECTION    SW (210)
  HIGHEST GUST SPEED    27   HIGHEST GUST DIRECTION     N (18)
  AVERAGE WIND SPEED     6.9


SKY COVER
  AVERAGE SKY COVER 0.6


WEATHER CONDITIONS
 THE FOLLOWING WEATHER WAS RECORDED YESTERDAY.
  LIGHT RAIN
  FOG


RELATIVE HUMIDITY (PERCENT)
 HIGHEST   100           600 AM
 LOWEST     66          1000 AM
 AVERAGE    83

..........................................................


THE HOQUIAM WA AIRPORT CLIMATE NORMALS FOR TODAY
                         NORMAL    RECORD    YEAR
 MAXIMUM TEMPERATURE (F)   56        75      1982
 MINIMUM TEMPERATURE (F)   42        31      1975
                                             1968


SUNRISE AND SUNSET
APRIL 21 2018.........SUNRISE   617 AM PDT   SUNSET   813 PM PDT
APRIL 22 2018.........SUNRISE   615 AM PDT   SUNSET   814 PM PDT


-  INDICATES NEGATIVE NUMBERS.
R  INDICATES RECORD WAS SET OR TIED.
MM INDICATES DATA IS MISSING.
T  INDICATES TRACE AMOUNT.




$$
