000
CDUS44 KBRO 230627
CLIHRL


CLIMATE REPORT
NATIONAL WEATHER SERVICE BROWNSVILLE TX
126 AM CDT MON APR 23 2018


...................................

...THE HARLINGEN CLIMATE SUMMARY FOR APRIL 22 2018...

CLIMATE NORMAL PERIOD 1981 TO 2010
CLIMATE RECORD PERIOD 1912 TO 2018


WEATHER ITEM   OBSERVED TIME   RECORD YEAR NORMAL DEPARTURE LAST
                VALUE   (LST)  VALUE       VALUE  FROM      YEAR
                                                  NORMAL
..................................................................
TEMPERATURE (F)
 YESTERDAY
  MAXIMUM         82    255 PM  97    1920  87     -5       93
  MINIMUM         62   1159 PM  50    1931  67     -5       70
  AVERAGE         72                        77     -5       82

PRECIPITATION (IN)
  YESTERDAY        0.00          1.30 1936   0.05  -0.05      T
  MONTH TO DATE    0.33                      1.25  -0.92     0.87
  SINCE MAR 1      0.46                      2.54  -2.08     3.09
  SINCE JAN 1      3.11                      5.01  -1.90     4.40

SNOWFALL (IN)
  YESTERDAY        0.0
  MONTH TO DATE    0.0
  SINCE MAR 1      0.0
  SINCE JUL 1      1.0
  SNOW DEPTH       0

DEGREE DAYS
 HEATING
  YESTERDAY        0                         0      0        0
  MONTH TO DATE    3                         7     -4        0
  SINCE MAR 1      4                        53    -49        4
  SINCE JUL 1    644                       621     23      234

 COOLING
  YESTERDAY        7                        12     -5       17
  MONTH TO DATE  194                       219    -25      264
  SINCE MAR 1    461                       389     72      554
  SINCE JAN 1    667                       514    153      921
..................................................................


WIND (MPH)
  HIGHEST WIND SPEED    20   HIGHEST WIND DIRECTION    NE (50)
  HIGHEST GUST SPEED    27   HIGHEST GUST DIRECTION    NE (60)
  AVERAGE WIND SPEED     9.2



WEATHER CONDITIONS
 THE FOLLOWING WEATHER WAS RECORDED YESTERDAY.
  FOG
  FOG W/VISIBILITY <= 1/4 MILE


RELATIVE HUMIDITY (PERCENT)
 HIGHEST   100
 LOWEST     54
 AVERAGE    77

..........................................................


THE HARLINGEN CLIMATE NORMALS FOR TODAY
                         NORMAL    RECORD    YEAR
 MAXIMUM TEMPERATURE (F)   87       100      1997
 MINIMUM TEMPERATURE (F)   67        51      1982


SUNRISE AND SUNSET
APRIL 23 2018.........SUNRISE   700 AM CDT   SUNSET   758 PM CDT
APRIL 24 2018.........SUNRISE   659 AM CDT   SUNSET   759 PM CDT


-  INDICATES NEGATIVE NUMBERS.
R  INDICATES RECORD WAS SET OR TIED.
MM INDICATES DATA IS MISSING.
T  INDICATES TRACE AMOUNT.




$$
