000
CDUS43 KGID 260642
CLIHSI


CLIMATE REPORT
NATIONAL WEATHER SERVICE HASTINGS NE
142 AM CDT THU APR 26 2018


...................................

...THE HASTINGS NE CLIMATE SUMMARY FOR APRIL 25 2018...

CLIMATE NORMAL PERIOD 1981 TO 2010
CLIMATE RECORD PERIOD 1894 TO 2018


WEATHER ITEM   OBSERVED TIME   RECORD YEAR NORMAL DEPARTURE LAST
                VALUE   (LST)  VALUE       VALUE  FROM      YEAR
                                                  NORMAL
..................................................................
TEMPERATURE (F)
 YESTERDAY
  MAXIMUM         58    554 PM  92    1989  66     -8       53
  MINIMUM         40   1159 PM  27    2002  42     -2       38
  AVERAGE         49                        54     -5       46

PRECIPITATION (IN)
  YESTERDAY        T             2.69 1904   0.09  -0.09     0.15
  MONTH TO DATE    1.26                      1.94  -0.68     0.92
  SINCE MAR 1      2.33                      3.73  -1.40     2.00
  SINCE JAN 1      3.35                      4.63  -1.28     3.10

SNOWFALL (IN)
  YESTERDAY        0.0           4.0  1907   0.1   -0.1      0.0
  MONTH TO DATE    6.9                       1.2    5.7      0.0
  SINCE MAR 1      7.2                       6.4    0.8      1.2
  SINCE JUL 1     27.1                      28.8   -1.7     10.3
  SNOW DEPTH       0

DEGREE DAYS
 HEATING
  YESTERDAY       16                        11      5       19
  MONTH TO DATE  619                       381    238      262
  SINCE MAR 1   1386                      1158    228      925
  SINCE JUL 1   6104                      5788    316     4855

 COOLING
  YESTERDAY        0                         0      0        0
  MONTH TO DATE    0                         0      0        8
  SINCE MAR 1      0                         0      0        8
  SINCE JAN 1      0                         0      0        8
..................................................................


WIND (MPH)
  HIGHEST WIND SPEED    21   HIGHEST WIND DIRECTION     N (10)
  HIGHEST GUST SPEED    26   HIGHEST GUST DIRECTION     N (10)
  AVERAGE WIND SPEED    10.6


SKY COVER
  AVERAGE SKY COVER 0.6


WEATHER CONDITIONS
 THE FOLLOWING WEATHER WAS RECORDED YESTERDAY.
  LIGHT RAIN
  FOG


RELATIVE HUMIDITY (PERCENT)
 HIGHEST   100           400 AM
 LOWEST     39           500 PM
 AVERAGE    70

..........................................................


THE HASTINGS NE CLIMATE NORMALS FOR TODAY
                         NORMAL    RECORD    YEAR
 MAXIMUM TEMPERATURE (F)   66        92      1981
 MINIMUM TEMPERATURE (F)   42        25      1950


SUNRISE AND SUNSET
APRIL 26 2018.........SUNRISE   639 AM CDT   SUNSET   825 PM CDT
APRIL 27 2018.........SUNRISE   638 AM CDT   SUNSET   826 PM CDT


-  INDICATES NEGATIVE NUMBERS.
R  INDICATES RECORD WAS SET OR TIED.
MM INDICATES DATA IS MISSING.
T  INDICATES TRACE AMOUNT.




$$
