000
CDUS41 KCAR 220546
CLIHUL


CLIMATE REPORT
NATIONAL WEATHER SERVICE CARIBOU, ME
146 AM EDT SUN APR 22 2018


...................................

...THE HOULTON ME CLIMATE SUMMARY FOR APRIL 21 2018...

CLIMATE NORMAL PERIOD 1981 TO 2010
CLIMATE RECORD PERIOD 1948 TO 2018


WEATHER ITEM   OBSERVED TIME   RECORD YEAR NORMAL DEPARTURE LAST
                VALUE   (LST)  VALUE       VALUE  FROM      YEAR
                                                  NORMAL
..................................................................
TEMPERATURE (F)
 YESTERDAY
  MAXIMUM         47    432 PM  79    1977  53     -6       43
  MINIMUM         28   1158 PM  12    1969  31     -3       33
  AVERAGE         38                        42     -4       38

PRECIPITATION (IN)
  YESTERDAY        0.00          1.76 1950   0.12  -0.12     0.23
  MONTH TO DATE    1.82                      2.68  -0.86     2.82
  SINCE MAR 1      3.81                      5.27  -1.46     4.35
  SINCE JAN 1      9.49                     10.13  -0.64     8.80

SNOWFALL (IN)
  YESTERDAY       MM             0.1  1984   0.1   MM       MM
  MONTH TO DATE   MM                         5.2   MM       MM
  SINCE MAR 1     MM                        23.0   MM       MM
  SINCE JUL 1     MM                        88.6   MM       MM
  SNOW DEPTH      MM

DEGREE DAYS
 HEATING
  YESTERDAY       27                        23      4       27
  MONTH TO DATE  690                       588    102      528
  SINCE MAR 1   1817                      1811      6     1856
  SINCE JUL 1   7885                      8384   -499     7817

 COOLING
  YESTERDAY        0                         0      0        0
  MONTH TO DATE    0                         0      0        0
  SINCE MAR 1      0                         0      0        0
  SINCE JAN 1      0                         0      0        0
..................................................................


WIND (MPH)
  HIGHEST WIND SPEED    21   HIGHEST WIND DIRECTION    NW (320)
  HIGHEST GUST SPEED    27   HIGHEST GUST DIRECTION     N (360)
  AVERAGE WIND SPEED     8.4


SKY COVER
  POSSIBLE SUNSHINE  MM
  AVERAGE SKY COVER 0.4


WEATHER CONDITIONS
 THE FOLLOWING WEATHER WAS RECORDED YESTERDAY.
  NO SIGNIFICANT WEATHER WAS OBSERVED.


RELATIVE HUMIDITY (PERCENT)
 HIGHEST    85           500 AM
 LOWEST     31           300 PM
 AVERAGE    58

..........................................................


THE HOULTON ME CLIMATE NORMALS FOR TODAY
                         NORMAL    RECORD    YEAR
 MAXIMUM TEMPERATURE (F)   54        72      2016
                                             1954
 MINIMUM TEMPERATURE (F)   31        18      2013
                                             1985


SUNRISE AND SUNSET
APRIL 22 2018.........SUNRISE   533 AM EDT   SUNSET   728 PM EDT
APRIL 23 2018.........SUNRISE   531 AM EDT   SUNSET   729 PM EDT


-  INDICATES NEGATIVE NUMBERS.
R  INDICATES RECORD WAS SET OR TIED.
MM INDICATES DATA IS MISSING.
T  INDICATES TRACE AMOUNT.




$$
