000
CDUS43 KUNR 250834
CLIICR


CLIMATE REPORT
NATIONAL WEATHER SERVICE RAPID CITY SD
234 AM MDT FRI MAY 25 2018


...................................

...THE WINNER REGIONAL AIRPORT SD CLIMATE SUMMARY FOR MAY 24 2018...

CLIMATE NORMAL PERIOD 1981 TO 2010
CLIMATE RECORD PERIOD 9999 TO 9999


WEATHER ITEM   OBSERVED TIME   NORMAL DEPARTURE LAST
                VALUE   (LST)  VALUE  FROM      YEAR
                                      NORMAL
......................................................
TEMPERATURE (F)
 YESTERDAY
  MAXIMUM         86    331 PM  73     13       70
  MINIMUM         62    510 AM  49     13       37
  AVERAGE         74            61     13       54

PRECIPITATION (IN)
  YESTERDAY        0.33          0.10   0.23     0.00
  MONTH TO DATE    1.89          2.52  -0.63     2.97
  SINCE MAR 1      4.31          6.39  -2.08     5.39
  SINCE JAN 1      5.34          7.15  -1.81     7.03

DEGREE DAYS
 HEATING
  YESTERDAY        0             5     -5       11
  MONTH TO DATE  105           209   -104      181
  SINCE MAR 1   1723          1604    119     1372
  SINCE JUL 1   6623          6613     10     5524

 COOLING
  YESTERDAY        9             1      8        0
  MONTH TO DATE   62            19     43       26
  SINCE MAR 1     65            21     44       28
  SINCE JAN 1     65            21     44       28
......................................................


WIND (MPH)
  HIGHEST WIND SPEED    28   HIGHEST WIND DIRECTION     E (90)
  HIGHEST GUST SPEED    32   HIGHEST GUST DIRECTION     S (200)
  AVERAGE WIND SPEED    13.6


SKY COVER
  AVERAGE SKY COVER 0.1


WEATHER CONDITIONS
 THE FOLLOWING WEATHER WAS RECORDED YESTERDAY.
  THUNDERSTORM
  HEAVY RAIN
  RAIN
  LIGHT RAIN


RELATIVE HUMIDITY (PERCENT)
 HIGHEST    73           100 AM
 LOWEST     51           300 PM
 AVERAGE    62

..........................................................




SUNRISE AND SUNSET
MAY 25 2018...........SUNRISE   606 AM CDT   SUNSET   907 PM CDT
MAY 26 2018...........SUNRISE   605 AM CDT   SUNSET   908 PM CDT


-  INDICATES NEGATIVE NUMBERS.
R  INDICATES RECORD WAS SET OR TIED.
MM INDICATES DATA IS MISSING.
T  INDICATES TRACE AMOUNT.




$$
