000
CDUS45 KVEF 220826
CLIIGM


CLIMATE REPORT
NATIONAL WEATHER SERVICE LAS VEGAS, NV
125 AM PDT SUN APR 22 2018


...................................

...THE KINGMAN AZ CLIMATE SUMMARY FOR APRIL 21 2018...

CLIMATE NORMAL PERIOD 1981 TO 2010
CLIMATE RECORD PERIOD 1901 TO 2018


WEATHER ITEM   OBSERVED TIME   RECORD YEAR NORMAL DEPARTURE LAST
                VALUE   (LST)  VALUE       VALUE  FROM      YEAR
                                                  NORMAL
..................................................................
TEMPERATURE (F)
 YESTERDAY
  MAXIMUM         83    358 PM  91    2012  75      8       78
                                      2009
  MINIMUM         42    613 AM  28    2005  45     -3       48
  AVERAGE         63                        60      3       63

PRECIPITATION (IN)
  YESTERDAY        0.00          0.95 1988   0.01  -0.01     0.00
  MONTH TO DATE    T                         0.33  -0.33     0.00
  SINCE OCT 1      1.31                      5.35  -4.04     6.26
  SINCE JAN 1      1.31                      3.25  -1.94     2.70

DEGREE DAYS
 HEATING
  YESTERDAY        2                         6     -4        2
  MONTH TO DATE   84                       173    -89      126
  SINCE MAR 1    460                       591   -131      367
  SINCE JUL 1   2238                      3004   -766     2364

 COOLING
  YESTERDAY        0                         1     -1        0
  MONTH TO DATE   26                        14     12        4
  SINCE MAR 1     27                        17     10       10
  SINCE JAN 1     27                        17     10       10
..................................................................


WIND (MPH)
  RESULTANT WIND SPEED   3   RESULTANT WIND DIRECTION  NE (40)
  HIGHEST WIND SPEED    16   HIGHEST WIND DIRECTION     N (360)
  HIGHEST GUST SPEED    20   HIGHEST GUST DIRECTION     N (350)
  AVERAGE WIND SPEED     6.2


SKY COVER
  POSSIBLE SUNSHINE  MM
  AVERAGE SKY COVER 0.0


WEATHER CONDITIONS
 THE FOLLOWING WEATHER WAS RECORDED YESTERDAY.
  NO SIGNIFICANT WEATHER WAS OBSERVED.


RELATIVE HUMIDITY (PERCENT)
 HIGHEST    43           600 AM
 LOWEST     11           500 PM
 AVERAGE    27

..........................................................


THE KINGMAN AZ CLIMATE NORMALS FOR TODAY
                         NORMAL    RECORD    YEAR
 MAXIMUM TEMPERATURE (F)   76        93      2012
 MINIMUM TEMPERATURE (F)   46        27      1921


SUNRISE AND SUNSET
APRIL 22 2018.........SUNRISE   555 AM MST   SUNSET   714 PM MST
APRIL 23 2018.........SUNRISE   553 AM MST   SUNSET   715 PM MST


-  INDICATES NEGATIVE NUMBERS.
R  INDICATES RECORD WAS SET OR TIED.
MM INDICATES DATA IS MISSING.
T  INDICATES TRACE AMOUNT.




$$
