000
CDUS42 KILM 250840
CLIILM


CLIMATE REPORT
NATIONAL WEATHER SERVICE WILMINGTON NC
440 AM EDT FRI MAY 25 2018


...................................

...THE WILMINGTON NORTH CAROLINA CLIMATE SUMMARY FOR MAY 24 2018...

CLIMATE NORMAL PERIOD 1981 TO 2010
CLIMATE RECORD PERIOD 1871 TO 2018


WEATHER ITEM   OBSERVED TIME   RECORD YEAR NORMAL DEPARTURE LAST
                VALUE   (LST)  VALUE       VALUE  FROM      YEAR
                                                  NORMAL
..................................................................
TEMPERATURE (F)
 YESTERDAY
  MAXIMUM         80    113 PM  97    2011  82     -2       81
  MINIMUM         69   1159 PM  48    1931  62      7       69
                                      1879
  AVERAGE         75                        72      3       75

PRECIPITATION (IN)
  YESTERDAY        2.19          2.55 1977   0.16   2.03     0.06
  MONTH TO DATE    9.81                      3.31   6.50     4.17
  SINCE MAR 1     18.43                     10.34   8.09    13.93
  SINCE JAN 1     27.08                     17.72   9.36    19.48

DEGREE DAYS
 HEATING
  YESTERDAY        0                         0      0        0
  MONTH TO DATE    2                        25    -23       12
  SINCE MAR 1    595                       478    117      429
  SINCE JUL 1   2397                      2407    -10     1944

 COOLING
  YESTERDAY       10                         8      2       10
  MONTH TO DATE  222                       133     89      182
  SINCE MAR 1    269                       216     53      346
  SINCE JAN 1    307                       221     86      352
..................................................................


WIND (MPH)
  RESULTANT WIND SPEED   3   RESULTANT WIND DIRECTION  SE (120)
  HIGHEST WIND SPEED    17   HIGHEST WIND DIRECTION     E (100)
  HIGHEST GUST SPEED    22   HIGHEST GUST DIRECTION     E (100)
  AVERAGE WIND SPEED     6.3


SKY COVER
  POSSIBLE SUNSHINE  MM
  AVERAGE SKY COVER 0.8


WEATHER CONDITIONS
 THE FOLLOWING WEATHER WAS RECORDED YESTERDAY.
  THUNDERSTORM
  HEAVY RAIN
  RAIN
  LIGHT RAIN
  FOG
  FOG W/VISIBILITY <= 1/4 MILE


RELATIVE HUMIDITY (PERCENT)
 HIGHEST   100           800 AM
 LOWEST     58           200 PM
 AVERAGE    79

..........................................................


THE WILMINGTON NORTH CAROLINA CLIMATE NORMALS FOR TODAY
                         NORMAL    RECORD    YEAR
 MAXIMUM TEMPERATURE (F)   83        97      2011
 MINIMUM TEMPERATURE (F)   63        49      2013


SUNRISE AND SUNSET
MAY 25 2018...........SUNRISE   604 AM EDT   SUNSET   814 PM EDT
MAY 26 2018...........SUNRISE   603 AM EDT   SUNSET   815 PM EDT


-  INDICATES NEGATIVE NUMBERS.
R  INDICATES RECORD WAS SET OR TIED.
MM INDICATES DATA IS MISSING.
T  INDICATES TRACE AMOUNT.




$$
