818
CDUS43 KIND 212032
CLIIND


CLIMATE REPORT
NATIONAL WEATHER SERVICE INDIANAPOLIS IN
432 PM EDT SAT APR 21 2018


...................................

...THE INDIANAPOLIS IN CLIMATE SUMMARY FOR APRIL 21 2018...
VALID TODAY AS OF 0400 PM LOCAL TIME.

CLIMATE NORMAL PERIOD 1981 TO 2010
CLIMATE RECORD PERIOD 1871 TO 2018


WEATHER ITEM   OBSERVED TIME   RECORD YEAR NORMAL DEPARTURE LAST
                VALUE   (LST)  VALUE       VALUE  FROM      YEAR
                                                  NORMAL
..................................................................
TEMPERATURE (F)
 TODAY
  MAXIMUM         60    247 PM  84    1987  65     -5       58
                                      1985
                                      1902
  MINIMUM         43    646 AM  28    1907  45     -2       45
  AVERAGE         52                        55     -3       52

PRECIPITATION (IN)
  TODAY            0.00          1.85 1928   0.13  -0.13      T
  MONTH TO DATE    5.02                      2.60   2.42     1.47
  SINCE MAR 1      9.09                      6.16   2.93     6.19
  SINCE JAN 1     15.74                     11.14   4.60    11.64

SNOWFALL (IN)
  TODAY            0.0           0.7  1901   0.0    0.0      0.0
  MONTH TO DATE    2.6                       0.2    2.4      0.0
  SINCE MAR 1     14.2                       2.8   11.4      1.0
  SINCE JUL 1     23.2                      25.9   -2.7      9.7
  SNOW DEPTH       0

..................................................................


WIND (MPH)
  HIGHEST WIND SPEED    17   HIGHEST WIND DIRECTION     E (110)
  HIGHEST GUST SPEED    20   HIGHEST GUST DIRECTION     E (110)
  AVERAGE WIND SPEED     9.3


SKY COVER
  AVERAGE SKY COVER 0.5


WEATHER CONDITIONS
 THE FOLLOWING WEATHER WAS RECORDED TODAY.
  NO SIGNIFICANT WEATHER WAS OBSERVED.


RELATIVE HUMIDITY (PERCENT)
 HIGHEST    53           600 AM
 LOWEST     23           300 PM

..........................................................


THE INDIANAPOLIS IN CLIMATE NORMALS FOR TOMORROW
                         NORMAL    RECORD    YEAR
 MAXIMUM TEMPERATURE (F)   66        85      1980
                                             1960
 MINIMUM TEMPERATURE (F)   45        27      1936


SUNRISE AND SUNSET
APRIL 21 2018.........SUNRISE   659 AM EDT   SUNSET   829 PM EDT
APRIL 22 2018.........SUNRISE   658 AM EDT   SUNSET   830 PM EDT


-  INDICATES NEGATIVE NUMBERS.
R  INDICATES RECORD WAS SET OR TIED.
MM INDICATES DATA IS MISSING.
T  INDICATES TRACE AMOUNT.




$$
