000
CDUS43 KDLH 190630
CLIINL


CLIMATE REPORT
NATIONAL WEATHER SERVICE DULUTH MN
130 AM CDT THU APR 19 2018


...................................

...THE INTERNATIONAL FALLS MN CLIMATE SUMMARY FOR APRIL 18 2018...

CLIMATE NORMAL PERIOD 1981 TO 2010
CLIMATE RECORD PERIOD 1895 TO 2018


WEATHER ITEM   OBSERVED TIME   RECORD YEAR NORMAL DEPARTURE LAST
                VALUE   (LST)  VALUE       VALUE  FROM      YEAR
                                                  NORMAL
..................................................................
TEMPERATURE (F)
 YESTERDAY
  MAXIMUM         48    428 PM  88    1987  53     -5       41
  MINIMUM         25   1153 PM  15    2014  28     -3       28
                                      1963
  AVERAGE         37                        41     -4       35

PRECIPITATION (IN)
  YESTERDAY        0.00          1.50 2005   0.05  -0.05     0.07
  MONTH TO DATE    0.28                      0.82  -0.54     0.51
  SINCE MAR 1      0.63                      1.77  -1.14     1.19
  SINCE JAN 1      2.32                      2.96  -0.64     3.94

SNOWFALL (IN)
  YESTERDAY        0.0           0.9  2013   0.2   -0.2      0.0
  MONTH TO DATE    3.4                       4.7   -1.3      0.0
  SINCE MAR 1      7.6                      12.3   -4.7      4.5
  SINCE JUL 1     62.2                      69.1   -6.9     67.8
  SNOW DEPTH       7

DEGREE DAYS
 HEATING
  YESTERDAY       28                        24      4       30
  MONTH TO DATE  766                       515    251      411
  SINCE MAR 1   2037                      1798    239     1668
  SINCE JUL 1   9817                      9381    436     8142

 COOLING
  YESTERDAY        0                         0      0        0
  MONTH TO DATE    0                         0      0        0
  SINCE MAR 1      0                         0      0        0
  SINCE JAN 1      0                         0      0        0
..................................................................


WIND (MPH)
  HIGHEST WIND SPEED    17   HIGHEST WIND DIRECTION     N (20)
  HIGHEST GUST SPEED    23   HIGHEST GUST DIRECTION     N (20)
  AVERAGE WIND SPEED     7.4


SKY COVER
  AVERAGE SKY COVER 0.0


WEATHER CONDITIONS
 THE FOLLOWING WEATHER WAS RECORDED YESTERDAY.
  NO SIGNIFICANT WEATHER WAS OBSERVED.


RELATIVE HUMIDITY (PERCENT)
 HIGHEST    69          1000 PM
 LOWEST     21           200 PM
 AVERAGE    45

..........................................................


THE INTERNATIONAL FALLS MN CLIMATE NORMALS FOR TODAY
                         NORMAL    RECORD    YEAR
 MAXIMUM TEMPERATURE (F)   54        83      1987
 MINIMUM TEMPERATURE (F)   29        15      1947


SUNRISE AND SUNSET
APRIL 19 2018.........SUNRISE   615 AM CDT   SUNSET   811 PM CDT
APRIL 20 2018.........SUNRISE   613 AM CDT   SUNSET   812 PM CDT


-  INDICATES NEGATIVE NUMBERS.
R  INDICATES RECORD WAS SET OR TIED.
MM INDICATES DATA IS MISSING.
T  INDICATES TRACE AMOUNT.




$$
