000
CDUS41 KOKX 242101
CLIJFK


CLIMATE REPORT
NATIONAL WEATHER SERVICE NEW YORK NY
501 PM EDT TUE APR 24 2018


...................................

...THE KENNEDY NY CLIMATE SUMMARY FOR APRIL 24 2018...
VALID TODAY AS OF 0500 PM LOCAL TIME.

CLIMATE NORMAL PERIOD 1981 TO 2010
CLIMATE RECORD PERIOD 1948 TO 2018


WEATHER ITEM   OBSERVED TIME   RECORD YEAR NORMAL DEPARTURE LAST
                VALUE   (LST)  VALUE       VALUE  FROM      YEAR
                                                  NORMAL
..................................................................
TEMPERATURE (F)
 TODAY
  MAXIMUM         62    123 PM  79    2008  62      0       57
  MINIMUM         41    542 AM  34    1967  46     -5       44
  AVERAGE         52                        54     -2       51

PRECIPITATION (IN)
  TODAY            0.00          1.76 1983   0.13  -0.13     0.01
  MONTH TO DATE    2.66                      3.15  -0.49     2.43
  SINCE MAR 1      7.74                      6.93   0.81     8.22
  SINCE JAN 1     15.51                     12.68   2.83    14.44

SNOWFALL (IN)
  TODAY            0.0          MM      MM   0.0    0.0      0.0
  MONTH TO DATE    3.7                       0.8    2.9      0.0
  SINCE OCT 1     35.5                      23.8   11.7     30.9
  SINCE JUL 1     35.5                      23.8   11.7     30.9
  SNOW DEPTH       0

DEGREE DAYS
 HEATING
  TODAY           13                        11      2       14
  MONTH TO DATE  465                       356    109      275
  SINCE MAR 1   1253                      1081    172     1063
  SINCE JUL 1   4632                      4592     40     3981

 COOLING
  TODAY            0                         0      0        0
  MONTH TO DATE    0                         0      0        4
  SINCE MAR 1      0                         0      0        4
  SINCE JAN 1      0                         0      0        4
..................................................................


WIND (MPH)
  HIGHEST WIND SPEED    23   HIGHEST WIND DIRECTION    SE (140)
  HIGHEST GUST SPEED    28   HIGHEST GUST DIRECTION    SE (140)
  AVERAGE WIND SPEED     9.6


SKY COVER
  AVERAGE SKY COVER 0.7


WEATHER CONDITIONS
 THE FOLLOWING WEATHER WAS RECORDED TODAY.
  FOG


RELATIVE HUMIDITY (PERCENT)
 HIGHEST   100           200 AM
 LOWEST     46          1200 PM
 AVERAGE    73

..........................................................


THE KENNEDY NY CLIMATE NORMALS FOR TOMORROW
                         NORMAL    RECORD    YEAR
 MAXIMUM TEMPERATURE (F)   62        88      1960
 MINIMUM TEMPERATURE (F)   47        37      1971
                                             1967


SUNRISE AND SUNSET
APRIL 24 2018.........SUNRISE   603 AM EDT   SUNSET   744 PM EDT
APRIL 25 2018.........SUNRISE   602 AM EDT   SUNSET   745 PM EDT


-  INDICATES NEGATIVE NUMBERS.
R  INDICATES RECORD WAS SET OR TIED.
MM INDICATES DATA IS MISSING.
T  INDICATES TRACE AMOUNT.




$$
