000
CDUS43 KJKL 250606
CLIJKL

CLIMATE REPORT
NATIONAL WEATHER SERVICE JACKSON KY
206 AM EDT FRI MAY 25 2018


...................................

...THE JACKSON KY CLIMATE SUMMARY FOR MAY 24 2018...

CLIMATE NORMAL PERIOD 1981 TO 2010
CLIMATE RECORD PERIOD 1981 TO 2018


WEATHER ITEM   OBSERVED TIME   RECORD YEAR NORMAL DEPARTURE LAST
                VALUE   (LST)  VALUE       VALUE  FROM      YEAR
                                                  NORMAL
..................................................................
TEMPERATURE (F)
 YESTERDAY
  MAXIMUM         83    439 PM  88    1991  76      7       71
  MINIMUM         58    556 AM  48    2013  57      1       57
  AVERAGE         71                        66      5       64

PRECIPITATION (IN)
  YESTERDAY        0.00          1.22 2004   0.17  -0.17     0.38
  MONTH TO DATE    5.09                      3.98   1.11     5.05
  SINCE MAR 1     16.18                     11.93   4.25    13.49
  SINCE JAN 1     26.10                     19.29   6.81    21.06

SNOWFALL (IN)
  YESTERDAY        0.0                       0.0    0.0      0.0
  MONTH TO DATE    0.0                       0.0    0.0      0.0
  SINCE MAR 1     12.1                       3.9    8.2      0.2
  SINCE JUL 1     22.5                      23.5   -1.0      4.8
  SNOW DEPTH       0

DEGREE DAYS
 HEATING
  YESTERDAY        0                         2     -2        1
  MONTH TO DATE    3                        88    -85       79
  SINCE MAR 1   1038                       909    129      708
  SINCE JUL 1   4140                      4209    -69     3200

COOLING
  YESTERDAY        6                         4      2        0
  MONTH TO DATE  174                        63    111       73
  SINCE MAR 1    187                       109     78      169
  SINCE JAN 1    199                       109     90      171
..................................................................


WIND (MPH)
  HIGHEST WIND SPEED     5   HIGHEST WIND DIRECTION     N (340)
  HIGHEST GUST SPEED     9   HIGHEST GUST DIRECTION    NE (40)
  AVERAGE WIND SPEED     0.8


SKY COVER
  POSSIBLE SUNSHINE  MM
  AVERAGE SKY COVER 0.0


WEATHER CONDITIONS
 THE FOLLOWING WEATHER WAS RECORDED YESTERDAY.
  NO SIGNIFICANT WEATHER WAS OBSERVED.


RELATIVE HUMIDITY (PERCENT)
 HIGHEST    93           400 AM
 LOWEST     47           300 PM
 AVERAGE    70

..........................................................


THE JACKSON KY CLIMATE NORMALS FOR TODAY
                         NORMAL    RECORD    YEAR
 MAXIMUM TEMPERATURE (F)   76        88      1991
 MINIMUM TEMPERATURE (F)   57        42      2013


SUNRISE AND SUNSET
MAY 25 2018...........SUNRISE   617 AM EDT   SUNSET   844 PM EDT
MAY 26 2018...........SUNRISE   616 AM EDT   SUNSET   845 PM EDT


-  INDICATES NEGATIVE NUMBERS.
R  INDICATES RECORD WAS SET OR TIED.
MM INDICATES DATA IS MISSING.
T  INDICATES TRACE AMOUNT.




$$
