000
CDAK47 PAJK 181129
CLIJNU
CLIMATE REPORT
NATIONAL WEATHER SERVICE JUNEAU, AK
328 AM AKDT WED APR 18 2018


...................................

...THE JUNEAU CLIMATE SUMMARY FOR APRIL 17 2018...

CLIMATE NORMAL PERIOD 1981 TO 2010
CLIMATE RECORD PERIOD 1936 TO 2018


WEATHER ITEM   OBSERVED RECORD YEAR NORMAL DEPARTURE LAST
                VALUE   VALUE       VALUE  FROM      YEAR
                                           NORMAL
...........................................................
TEMPERATURE (F)
 YESTERDAY
  MAXIMUM         50     60    1953  49      1       56
  MINIMUM         25     21    2008  34     -9       27
  AVERAGE         38                 41     -3       42

PRECIPITATION (IN)
  YESTERDAY        0.00   0.89 2016   0.09  -0.09     0.00
  MONTH TO DATE    0.25               1.70  -1.45     0.51
  SINCE JAN 1     10.83              14.96  -4.13    15.53

SNOWFALL (IN)
  YESTERDAY        0.0    7.5  2008   0.0    0.0      0.0
  MONTH TO DATE    0.0                0.9   -0.9       T
  SINCE JUL 1     77.3               86.5   -9.2     65.2
  SNOW DEPTH       0

DEGREE DAYS
 HEATING
  YESTERDAY       27                 24      3       23
  MONTH TO DATE  440                440      0      386
...........................................................


WIND (MPH)
  HIGHEST WIND SPEED    13   HIGHEST WIND DIRECTION    SW (240)
  HIGHEST GUST SPEED    15   HIGHEST GUST DIRECTION    SW (230)
  AVERAGE WIND SPEED     4.0


SKY COVER
  AVERAGE SKY COVER 0.3


WEATHER CONDITIONS
 THE FOLLOWING WEATHER WAS RECORDED YESTERDAY.
  NO SIGNIFICANT WEATHER WAS OBSERVED.


..........................................................


THE JUNEAU CLIMATE NORMALS FOR TODAY
                         NORMAL    RECORD    YEAR
 MAXIMUM TEMPERATURE (F)   49        59      2012
 MINIMUM TEMPERATURE (F)   34        17      2008


SUNRISE AND SUNSET
APRIL 18 2018.........SUNRISE   538 AM AKDT  SUNSET   819 PM AKDT
APRIL 19 2018.........SUNRISE   535 AM AKDT  SUNSET   821 PM AKDT


-  INDICATES NEGATIVE NUMBERS.
R  INDICATES RECORD WAS SET OR TIED.
MM INDICATES DATA IS MISSING.
T  INDICATES TRACE AMOUNT.




$$
--------------------------------------------------------------

AMOUNT OF DAYLIGHT TODAY (HOUR:MIN)......... 14 HOURS 41 MINUTES
GAIN/LOSS SINCE YESTERDAY (HOUR:MIN:SEC).... +0:05:00

$$
