000
CDUS43 KGRR 251343
CLIJXN


CLIMATE REPORT
NATIONAL WEATHER SERVICE GRAND RAPIDS, MI
943 AM EDT FRI MAY 25 2018


...................................

...THE JACKSON MI CLIMATE SUMMARY FOR MAY 25 2018...
VALID AS OF 0900 AM LOCAL TIME.

CLIMATE NORMAL PERIOD 1981 TO 2010
CLIMATE RECORD PERIOD 1944 TO 9999


WEATHER ITEM   OBSERVED TIME   NORMAL DEPARTURE LAST
                VALUE   (LST)  VALUE  FROM      YEAR
                                      NORMAL
......................................................
TEMPERATURE (F)
 TODAY
  MAXIMUM         72    759 AM  72      0       62
  MINIMUM         53    325 AM  49      4       57
  AVERAGE         63            60      3       60

PRECIPITATION (IN)
  TODAY            0.00          0.11  -0.11     0.19
  MONTH TO DATE    6.34          2.65   3.69     4.06
  SINCE MAR 1     11.29          7.16   4.13    12.88
  SINCE JAN 1     16.35          9.94   6.41    17.82

DEGREE DAYS
 HEATING
  TODAY            2             6     -4        5
  MONTH TO DATE   93           227   -134      238
  SINCE MAR 1   1788          1659    129     1508
  SINCE JUL 1   6492          6573    -81     5516

 COOLING
  TODAY            0             2     -2        0
  MONTH TO DATE   23            20      3       25
  SINCE MAR 1     23            26     -3       32
  SINCE JAN 1     23            26     -3       32
......................................................


WIND (MPH)
  RESULTANT WIND SPEED   2   RESULTANT WIND DIRECTION  SW (220)
  HIGHEST WIND SPEED    10   HIGHEST WIND DIRECTION    SW (230)
  HIGHEST GUST SPEED    13   HIGHEST GUST DIRECTION    SW (230)
  AVERAGE WIND SPEED     1.8


SKY COVER
  AVERAGE SKY COVER 0.0


WEATHER CONDITIONS
 THE FOLLOWING WEATHER WAS RECORDED TODAY.
  NO SIGNIFICANT WEATHER WAS OBSERVED.


RELATIVE HUMIDITY (PERCENT)
 HIGHEST    86           200 AM
 LOWEST     57           800 AM
 AVERAGE    72

..........................................................


THE JACKSON MI CLIMATE NORMALS FOR TOMORROW
                         NORMAL
 MAXIMUM TEMPERATURE (F)   72
 MINIMUM TEMPERATURE (F)   49


SUNRISE AND SUNSET
MAY 25 2018...........SUNRISE   608 AM EDT   SUNSET   902 PM EDT
MAY 26 2018...........SUNRISE   607 AM EDT   SUNSET   903 PM EDT


-  INDICATES NEGATIVE NUMBERS.
R  INDICATES RECORD WAS SET OR TIED.
MM INDICATES DATA IS MISSING.
T  INDICATES TRACE AMOUNT.




$$
