000
CDUS42 KILM 242043
CLILBT


CLIMATE REPORT
NATIONAL WEATHER SERVICE WILMINGTON NC
442 PM EDT TUE APR 24 2018


...................................

...THE LUMBERTON NORTH CAROLINA CLIMATE SUMMARY FOR APRIL 24 2018...
VALID TODAY AS OF 0400 PM LOCAL TIME.

CLIMATE NORMAL PERIOD 1981 TO 2010
CLIMATE RECORD PERIOD 1903 TO 2018


WEATHER ITEM   OBSERVED TIME   RECORD YEAR NORMAL DEPARTURE LAST
                VALUE   (LST)  VALUE       VALUE  FROM      YEAR
                                                  NORMAL
..................................................................
TEMPERATURE (F)
 TODAY
  MAXIMUM         76    253 PM  96    1925  77     -1       61
  MINIMUM         61    410 AM  27    1986  51     10       57
  AVERAGE         69                        64      5       59

PRECIPITATION (IN)
  TODAY            1.18          2.96 2017   0.09   1.09     2.96
  MONTH TO DATE    3.29                      2.35   0.94     5.88
  SINCE MAR 1      5.61                      5.68  -0.07     9.78
  SINCE JAN 1      8.62                     11.55  -2.93    13.27

SNOWFALL (IN)
  TODAY           MM            MM      MM
  MONTH TO DATE   MM
  SINCE MAR 1     MM
  SINCE JUL 1     MM
  SNOW DEPTH      MM

DEGREE DAYS
 HEATING
  TODAY            0                         4     -4        6
  MONTH TO DATE  173                       135     38       52
  SINCE MAR 1    635                       481    154      417
  SINCE JUL 1   2723                      2711     12     2064

 COOLING
  TODAY            4                         2      2        0
  MONTH TO DATE   29                        40    -11       70
  SINCE MAR 1     34                        50    -16       97
  SINCE JAN 1     79                        53     26      107
..................................................................


WIND (MPH)
  RESULTANT WIND SPEED  12   RESULTANT WIND DIRECTION   E (110)
  HIGHEST WIND SPEED    25   HIGHEST WIND DIRECTION     E (110)
  HIGHEST GUST SPEED    31   HIGHEST GUST DIRECTION     E (100)
  AVERAGE WIND SPEED    12.7


SKY COVER
  POSSIBLE SUNSHINE  MM
  AVERAGE SKY COVER 1.0


WEATHER CONDITIONS
 THE FOLLOWING WEATHER WAS RECORDED TODAY.
  HEAVY RAIN
  RAIN
  LIGHT RAIN
  FOG


RELATIVE HUMIDITY (PERCENT)
 HIGHEST   100          1200 AM
 LOWEST     74           200 PM
 AVERAGE    87

..........................................................


THE LUMBERTON NORTH CAROLINA CLIMATE NORMALS FOR TOMORROW
                         NORMAL    RECORD    YEAR
 MAXIMUM TEMPERATURE (F)   77        94      1925
 MINIMUM TEMPERATURE (F)   51        32      2005


SUNRISE AND SUNSET
APRIL 24 2018.........SUNRISE   634 AM EDT   SUNSET   755 PM EDT
APRIL 25 2018.........SUNRISE   633 AM EDT   SUNSET   756 PM EDT


-  INDICATES NEGATIVE NUMBERS.
R  INDICATES RECORD WAS SET OR TIED.
MM INDICATES DATA IS MISSING.
T  INDICATES TRACE AMOUNT.




$$
