000
CDHW41 PHFO 210232
CLILIH


CLIMATE REPORT
NATIONAL WEATHER SERVICE HONOLULU HI
431 PM HST FRI APR 20 2018


...................................

...THE LIHUE HI CLIMATE SUMMARY FOR APRIL 20 2018...
VALID TODAY AS OF 0400 PM LOCAL TIME.

CLIMATE NORMAL PERIOD 1981 TO 2010
CLIMATE RECORD PERIOD 1946 TO 2018


WEATHER ITEM   OBSERVED TIME   RECORD YEAR NORMAL DEPARTURE LAST
                VALUE   (LST)  VALUE       VALUE  FROM      YEAR
                                                  NORMAL
..................................................................
TEMPERATURE (F)
 TODAY
  MAXIMUM         80    233 PM  84    1981  79      1       81
  MINIMUM         72   1204 AM  58    1966  69      3       70
  AVERAGE         76                        74      2       76

PRECIPITATION (IN)
  TODAY            T             1.15 2009   0.06  -0.06      T
  MONTH TO DATE    5.41                      1.64   3.77     0.95
  SINCE MAR 1     14.44                      6.25   8.19     5.06
  SINCE JAN 1     23.47                     13.16  10.31    11.54

SNOWFALL (IN)
  TODAY            0.0
  MONTH TO DATE    0.0
  SINCE MAR 1      0.0
  SINCE JUL 1      0.0
  SNOW DEPTH      MM

DEGREE DAYS
 HEATING
  TODAY            0                         0      0        0
  MONTH TO DATE    0                         0      0        0
  SINCE MAR 1      0                         0      0        0
  SINCE JUL 1      0                         0      0        0

 COOLING
  TODAY           11                         9      2       11
  MONTH TO DATE  193                       179     14      233
  SINCE MAR 1    441                       418     23      513
  SINCE JAN 1    892                       813     79      954
..................................................................


WIND (MPH)
  HIGHEST WIND SPEED    24   HIGHEST WIND DIRECTION     E (70)
  HIGHEST GUST SPEED    29   HIGHEST GUST DIRECTION     E (70)
  AVERAGE WIND SPEED    MM


SKY COVER
  POSSIBLE SUNSHINE  MM
  AVERAGE SKY COVER  MM


WEATHER CONDITIONS
 THE FOLLOWING WEATHER WAS RECORDED TODAY.
  FOG


RELATIVE HUMIDITY (PERCENT)
 HIGHEST    MM
 LOWEST     MM
 AVERAGE    MM

..........................................................


THE LIHUE HI CLIMATE NORMALS FOR TOMORROW
                         NORMAL    RECORD    YEAR
 MAXIMUM TEMPERATURE (F)   79        85      1981
 MINIMUM TEMPERATURE (F)   69        57      1958


SUNRISE AND SUNSET
APRIL 20 2018.........SUNRISE   614 AM HST   SUNSET   659 PM HST
APRIL 21 2018.........SUNRISE   613 AM HST   SUNSET   700 PM HST


-  INDICATES NEGATIVE NUMBERS.
R  INDICATES RECORD WAS SET OR TIED.
MM INDICATES DATA IS MISSING.
T  INDICATES TRACE AMOUNT.




$$
