000
CDUS45 KPIH 230730
CLILLJ


CLIMATE REPORT
NATIONAL WEATHER SERVICE POCATELLO ID
130 AM MDT MON APR 23 2018


...................................

...THE CHALLIS ID CLIMATE SUMMARY FOR APRIL 22 2018...

CLIMATE NORMAL PERIOD 1981 TO 2010
CLIMATE RECORD PERIOD 1898 TO 2018


WEATHER ITEM   OBSERVED TIME   RECORD YEAR NORMAL DEPARTURE LAST
                VALUE   (LST)  VALUE       VALUE  FROM      YEAR
                                                  NORMAL
..................................................................
TEMPERATURE (F)
 YESTERDAY
  MAXIMUM         70    331 PM  83    2012  59     11       61
                                      1953
  MINIMUM         32    530 AM  17    2011  31      1       24
                                      1937
  AVERAGE         51                        45      6       43

PRECIPITATION (IN)
  YESTERDAY        0.00          0.40 1925   0.03  -0.03     0.00
  MONTH TO DATE    0.40                      0.55  -0.15     0.31
  SINCE OCT 1      2.87                      4.32  -1.45     6.52
  SINCE JAN 1      1.73                      2.39  -0.66     3.11

SNOWFALL (IN)
  YESTERDAY       MM
  MONTH TO DATE   MM
  SINCE MAR 1     MM
  SINCE JUL 1     MM
  SNOW DEPTH      MM

DEGREE DAYS
 HEATING
  YESTERDAY       14                        20     -6       22
  MONTH TO DATE  446                       494    -48      507
  SINCE MAR 1   1359                      1390    -31     1257
  SINCE JUL 1   6633                      7439   -806     7702

 COOLING
  YESTERDAY        0                         0      0        0
  MONTH TO DATE    0                         0      0        0
  SINCE MAR 1      0                         0      0        0
  SINCE JAN 1      0                         0      0        0
..................................................................


WIND (MPH)
  HIGHEST WIND SPEED    21   HIGHEST WIND DIRECTION     W (250)
  HIGHEST GUST SPEED    28   HIGHEST GUST DIRECTION    SW (210)
  AVERAGE WIND SPEED     4.6


SKY COVER
  POSSIBLE SUNSHINE  MM
  AVERAGE SKY COVER 0.2


WEATHER CONDITIONS
 THE FOLLOWING WEATHER WAS RECORDED YESTERDAY.
  NO SIGNIFICANT WEATHER WAS OBSERVED.


RELATIVE HUMIDITY (PERCENT)
 HIGHEST    61           600 AM
 LOWEST     18           300 PM
 AVERAGE    40

..........................................................


THE CHALLIS ID CLIMATE NORMALS FOR TODAY
                         NORMAL    RECORD    YEAR
 MAXIMUM TEMPERATURE (F)   59        83      1977
 MINIMUM TEMPERATURE (F)   31        15      2013


SUNRISE AND SUNSET
APRIL 23 2018.........SUNRISE   639 AM MDT   SUNSET   832 PM MDT
APRIL 24 2018.........SUNRISE   638 AM MDT   SUNSET   833 PM MDT


-  INDICATES NEGATIVE NUMBERS.
R  INDICATES RECORD WAS SET OR TIED.
MM INDICATES DATA IS MISSING.
T  INDICATES TRACE AMOUNT.




$$
