000
CDUS43 KJKL 252024
CLILOZ

CLIMATE REPORT
NATIONAL WEATHER SERVICE JACKSON KY
424 PM EDT WED APR 25 2018

...................................

...THE LONDON KY CLIMATE SUMMARY FOR APRIL 25 2018...
VALID TODAY AS OF 0400 PM LOCAL TIME.

CLIMATE NORMAL PERIOD 1981 TO 2010
CLIMATE RECORD PERIOD 1954 TO 2018

WEATHER ITEM   OBSERVED TIME   RECORD YEAR NORMAL DEPARTURE LAST
                VALUE   (LST)  VALUE       VALUE  FROM      YEAR
                                                  NORMAL
..................................................................
TEMPERATURE (F)
 TODAY
  MAXIMUM         60    257 PM  88    2009  71    -11       75
  MINIMUM         52    846 AM  31    1967  47      5       51
  AVERAGE         56                        59     -3       63

PRECIPITATION (IN)
  TODAY            0.03          1.60 1975   0.15  -0.12     0.00
  MONTH TO DATE    5.26                      3.35   1.91     5.09
  SINCE MAR 1      9.96                      7.40   2.56    10.12
  SINCE JAN 1     20.40                     14.65   5.75    15.44

SNOWFALL (IN)
  TODAY           MM
  MONTH TO DATE   MM
  SINCE MAR 1     MM
  SINCE JUL 1     MM
  SNOW DEPTH      MM

DEGREE DAYS
 HEATING
  TODAY            9                         7      2        2
  MONTH TO DATE  354                       246    108      124
  SINCE MAR 1    966                       795    171      637

 COOLING
  TODAY            0                         1     -1        0
  MONTH TO DATE    5                        17    -12       28
  SINCE MAR 1      5                        20    -15       31
  SINCE JAN 1     13                        20     -7       31
..................................................................

WIND (MPH)
  HIGHEST WIND SPEED    15   HIGHEST WIND DIRECTION     W (280)
  HIGHEST GUST SPEED    19   HIGHEST GUST DIRECTION    NW (310)
  AVERAGE WIND SPEED     6.8

SKY COVER
  POSSIBLE SUNSHINE  MM
  AVERAGE SKY COVER 1.0

WEATHER CONDITIONS
 THE FOLLOWING WEATHER WAS RECORDED TODAY.
  LIGHT RAIN
  FOG

RELATIVE HUMIDITY (PERCENT)
 HIGHEST   100           200 AM
 LOWEST     75           300 PM
 AVERAGE    88

..........................................................

THE LONDON KY CLIMATE NORMALS FOR TOMORROW
                         NORMAL    RECORD    YEAR
 MAXIMUM TEMPERATURE (F)   72        87      1984
 MINIMUM TEMPERATURE (F)   48        33      1968

SUNRISE AND SUNSET
APRIL 25 2018.........SUNRISE   649 AM EDT   SUNSET   820 PM EDT
APRIL 26 2018.........SUNRISE   648 AM EDT   SUNSET   821 PM EDT

-  INDICATES NEGATIVE NUMBERS.
R  INDICATES RECORD WAS SET OR TIED.
MM INDICATES DATA IS MISSING.
T  INDICATES TRACE AMOUNT.

$$

CARICO
