000
CDUS43 KILX 250630
CLILWV


CLIMATE REPORT
NATIONAL WEATHER SERVICE LINCOLN IL
129 AM CDT FRI MAY 25 2018


...................................

...THE LAWRENCEVILLE IL AIRPORT CLIMATE SUMMARY FOR MAY 24 2018...

CLIMATE NORMAL PERIOD 1981 TO 2010
CLIMATE RECORD PERIOD 9999 TO 9999


WEATHER ITEM   OBSERVED TIME   RECORD YEAR NORMAL DEPARTURE LAST
                VALUE   (LST)  VALUE       VALUE  FROM      YEAR
                                                  NORMAL
..................................................................
TEMPERATURE (F)
 YESTERDAY
  MAXIMUM         89    427 PM  MM      MM  79     10       63
  MINIMUM         63    450 AM  MM      MM  58      5       58
  AVERAGE         76                        68      8       61

PRECIPITATION (IN)
  YESTERDAY        0.00         MM      MM   0.15  -0.15     1.08
  MONTH TO DATE    0.84                      4.68  -3.84     5.90
  SINCE MAR 1      8.64                     12.27  -3.63    13.66
  SINCE JAN 1     16.73                     16.66   0.07    17.81

DEGREE DAYS
 HEATING
  YESTERDAY        0                         2     -2        4
  MONTH TO DATE    0                        75    -75       92
  SINCE MAR 1   1139                       991    148      826
  SINCE JUL 1   4753                      4666     87     3881

 COOLING
  YESTERDAY       11                         5      6        0
  MONTH TO DATE  210                        73    137       85
  SINCE MAR 1    212                        99    113      132
  SINCE JAN 1    213                        99    114      132
..................................................................


WIND (MPH)
  HIGHEST WIND SPEED    10   HIGHEST WIND DIRECTION     E (90)
  HIGHEST GUST SPEED    16   HIGHEST GUST DIRECTION     E (100)
  AVERAGE WIND SPEED     4.5


SKY COVER
  POSSIBLE SUNSHINE  MM
  AVERAGE SKY COVER 0.0


WEATHER CONDITIONS
 THE FOLLOWING WEATHER WAS RECORDED YESTERDAY.
  NO SIGNIFICANT WEATHER WAS OBSERVED.


RELATIVE HUMIDITY (PERCENT)
 HIGHEST    84           300 AM
 LOWEST     26           200 PM
 AVERAGE    55

..........................................................


THE LAWRENCEVILLE IL AIRPORT CLIMATE NORMALS FOR TODAY
                         NORMAL    RECORD    YEAR
 MAXIMUM TEMPERATURE (F)   79        MM        MM
 MINIMUM TEMPERATURE (F)   58        MM        MM


SUNRISE AND SUNSET
MAY 25 2018...........SUNRISE   531 AM CDT   SUNSET   804 PM CDT
MAY 26 2018...........SUNRISE   530 AM CDT   SUNSET   805 PM CDT


-  INDICATES NEGATIVE NUMBERS.
R  INDICATES RECORD WAS SET OR TIED.
MM INDICATES DATA IS MISSING.
T  INDICATES TRACE AMOUNT.




$$
