000
CDUS44 KMAF 200731
CLIMAF


CLIMATE REPORT
NATIONAL WEATHER SERVICE MIDLAND TX
231 AM CDT SUN MAY 20 2018


...................................

...THE MIDLAND CLIMATE SUMMARY FOR MAY 19 2018...

CLIMATE NORMAL PERIOD 1981 TO 2010
CLIMATE RECORD PERIOD 1930 TO 2018


WEATHER ITEM   OBSERVED TIME   RECORD YEAR NORMAL DEPARTURE LAST
                VALUE   (LST)  VALUE       VALUE  FROM      YEAR
                                                  NORMAL
..................................................................
TEMPERATURE (F)
 YESTERDAY
  MAXIMUM         92    513 PM 103    1996  88      4       91
  MINIMUM         68    602 AM  46    1971  61      7       61
  AVERAGE         80                        74      6       76

PRECIPITATION (IN)
  YESTERDAY        0.00          1.66 1961   0.06  -0.06     0.27
  MONTH TO DATE    0.16                      0.88  -0.72     0.38
  SINCE MAR 1      0.27                      2.13  -1.86     3.34
  SINCE JAN 1      0.32                      3.40  -3.08     5.18

DEGREE DAYS
 COOLING
  YESTERDAY       15                        10      5       11
  MONTH TO DATE  307                       145    162      175
  SINCE MAR 1    467                       251    216      434
  SINCE JAN 1    474                       253    221      451
..................................................................


WIND (MPH)
  HIGHEST WIND SPEED    29   HIGHEST WIND DIRECTION     S (160)
  HIGHEST GUST SPEED    33   HIGHEST GUST DIRECTION    SE (150)
  AVERAGE WIND SPEED    13.6


SKY COVER
  POSSIBLE SUNSHINE  MM
  AVERAGE SKY COVER 0.0


WEATHER CONDITIONS
 THE FOLLOWING WEATHER WAS RECORDED YESTERDAY.
  NO SIGNIFICANT WEATHER WAS OBSERVED.


RELATIVE HUMIDITY (PERCENT)
 HIGHEST    58          1100 PM
 LOWEST     28           300 PM
 AVERAGE    43

..........................................................


THE MIDLAND CLIMATE NORMALS FOR TODAY
                         NORMAL    RECORD    YEAR
 MAXIMUM TEMPERATURE (F)   89       103      2006
 MINIMUM TEMPERATURE (F)   61        46      1931


SUNRISE AND SUNSET
MAY 20 2018...........SUNRISE   648 AM CDT   SUNSET   842 PM CDT
MAY 21 2018...........SUNRISE   648 AM CDT   SUNSET   843 PM CDT


-  INDICATES NEGATIVE NUMBERS.
R  INDICATES RECORD WAS SET OR TIED.
MM INDICATES DATA IS MISSING.
T  INDICATES TRACE AMOUNT.




$$
