000
CDUS42 KTAE 210641
CLIMAI


CLIMATE REPORT
NATIONAL WEATHER SERVICE TALLAHASSEE FL
240 AM EDT MON MAY 21 2018


...................................

...THE MARIANNA CLIMATE SUMMARY FOR MAY 20 2018...

CLIMATE NORMAL PERIOD 1981 TO 2010
CLIMATE RECORD PERIOD 1950 TO 2018


WEATHER ITEM   OBSERVED NORMAL DEPARTURE LAST
                VALUE   VALUE  FROM      YEAR
                               NORMAL
...............................................
TEMPERATURE (F)
 YESTERDAY
  MAXIMUM         86     87     -1       92
  MINIMUM         68     65      3       74
  AVERAGE         77     76      1       83

PRECIPITATION (IN)
  YESTERDAY        0.16   0.09   0.07      T
  MONTH TO DATE    0.99   1.62  -0.63     2.17
  SINCE MAR 1      7.24  10.87  -3.63     6.29
  SINCE JAN 1     21.38  20.85   0.53    16.69

DEGREE DAYS
 HEATING
  YESTERDAY        0             0
  MONTH TO DATE    0             0
  SINCE MAR 1    226           -15
  SINCE JUL 1   1365          -281

 COOLING
  YESTERDAY       12             1
  MONTH TO DATE  246            71
  SINCE MAR 1    368            50
  SINCE JAN 1    476           143
...............................................


WIND (MPH)
  HIGHEST WIND SPEED    20   HIGHEST WIND DIRECTION     E (90)
  HIGHEST GUST SPEED    25   HIGHEST GUST DIRECTION     E (110)
  AVERAGE WIND SPEED     4.6




RELATIVE HUMIDITY (PERCENT)
 HIGHEST    94
 LOWEST     65
 AVERAGE    80

..........................................................




SUNRISE AND SUNSET
MAY 21 2018...........SUNRISE   542 AM CDT   SUNSET   733 PM CDT
MAY 22 2018...........SUNRISE   542 AM CDT   SUNSET   733 PM CDT


-  INDICATES NEGATIVE NUMBERS.
R  INDICATES RECORD WAS SET OR TIED.
MM INDICATES DATA IS MISSING.
T  INDICATES TRACE AMOUNT.




$$
