417
CDUS46 KHNX 260823
CLIMCE


CLIMATE REPORT
NATIONAL WEATHER SERVICE SAN JOAQUIN VALLEY, CA
123 AM PDT THU APR 26 2018


...................................

...THE MERCED  CA CLIMATE SUMMARY FOR APRIL 25 2018...

CLIMATE NORMAL PERIOD 1981 TO 2010
CLIMATE RECORD PERIOD 1998 TO 2018


WEATHER ITEM   OBSERVED TIME   RECORD YEAR NORMAL DEPARTURE
                VALUE   (LST)  VALUE       VALUE  FROM
                                                  NORMAL
...............................................................
TEMPERATURE (F)
 YESTERDAY
  MAXIMUM         86    303 PM  92    2004  76     10
  MINIMUM         52    433 AM  39    2009  47      5
  AVERAGE         69                        62      7

PRECIPITATION (IN)
  YESTERDAY        0.00          0.73 2015   0.03  -0.03
  MONTH TO DATE    1.25                      0.81   0.44
  SINCE OCT 1      6.91                     11.34  -4.43
  SINCE JAN 1      5.80                      7.83  -2.03

SNOWFALL (IN)
  YESTERDAY        0.0
  MONTH TO DATE    0.0
  SINCE MAR 1      0.0
  SINCE JUL 1      0.0
  SNOW DEPTH       0

DEGREE DAYS
 HEATING
  YESTERDAY        0
  MONTH TO DATE  130
  SINCE MAR 1    475
  SINCE JUL 1   2265

 COOLING
  YESTERDAY        4
  MONTH TO DATE   17
  SINCE MAR 1     17
  SINCE JAN 1     17
...............................................................


WIND (MPH)
  HIGHEST WIND SPEED    14   HIGHEST WIND DIRECTION     N (340)
  HIGHEST GUST SPEED    17   HIGHEST GUST DIRECTION     N (10)
  AVERAGE WIND SPEED     8.0




RELATIVE HUMIDITY (PERCENT)
 HIGHEST    71
 LOWEST     29
 AVERAGE    50

..........................................................


THE MERCED  CA CLIMATE NORMALS FOR TODAY
                         NORMAL    RECORD    YEAR
 MAXIMUM TEMPERATURE (F)   77        95      2004
 MINIMUM TEMPERATURE (F)   47        40      2003


SUNRISE AND SUNSET
APRIL 26 2018.........SUNRISE   613 AM PDT   SUNSET   748 PM PDT
APRIL 27 2018.........SUNRISE   612 AM PDT   SUNSET   748 PM PDT


-  INDICATES NEGATIVE NUMBERS.
R  INDICATES RECORD WAS SET OR TIED.
MM INDICATES DATA IS MISSING.
T  INDICATES TRACE AMOUNT.




$$
