000
CDUS41 KCTP 260615
CLIMDT


CLIMATE REPORT
NATIONAL WEATHER SERVICE STATE COLLEGE PA
215 AM EDT THU APR 26 2018


...................................

...THE HARRISBURG PA CLIMATE SUMMARY FOR APRIL 25 2018...

CLIMATE NORMAL PERIOD 1981 TO 2010
CLIMATE RECORD PERIOD 1888 TO 2018


WEATHER ITEM   OBSERVED TIME   RECORD YEAR NORMAL DEPARTURE LAST
                VALUE   (LST)  VALUE       VALUE  FROM      YEAR
                                                  NORMAL
..................................................................
TEMPERATURE (F)
 YESTERDAY
  MAXIMUM         63    151 PM  93    1915  66     -3       58
  MINIMUM         52    333 AM  30    1956  45      7       51
  AVERAGE         58                        56      2       55

PRECIPITATION (IN)
  YESTERDAY        0.43          1.28 1914   0.10   0.33     0.19
  MONTH TO DATE    3.56                      2.58   0.98     2.91
  SINCE MAR 1      6.53                      5.95   0.58     7.63
  SINCE JAN 1     15.97                     11.22   4.75    12.01

SNOWFALL (IN)
  YESTERDAY        0.0           T    1919   0.0    0.0      0.0
  MONTH TO DATE    3.9                       0.4    3.5      0.0
  SINCE MAR 1     19.9                       5.6   14.3     18.4
  SINCE JUL 1     38.0                      30.6    7.4     23.9
  SNOW DEPTH       0

DEGREE DAYS
 HEATING
  YESTERDAY        7                        10     -3       10
  MONTH TO DATE  438                       348     90      213
  SINCE MAR 1   1251                      1071    180      975
  SINCE JUL 1   4956                      5059   -103     4213

 COOLING
  YESTERDAY        0                         0      0        0
  MONTH TO DATE   12                         0     12        7
  SINCE MAR 1     12                         1     11        7
  SINCE JAN 1     12                         1     11        7
..................................................................


WIND (MPH)
  HIGHEST WIND SPEED    22   HIGHEST WIND DIRECTION    NW (300)
  HIGHEST GUST SPEED    26   HIGHEST GUST DIRECTION     W (290)
  AVERAGE WIND SPEED     5.1


SKY COVER
  POSSIBLE SUNSHINE  MM
  AVERAGE SKY COVER 1.0


WEATHER CONDITIONS
 THE FOLLOWING WEATHER WAS RECORDED YESTERDAY.
  RAIN
  LIGHT RAIN
  FOG


RELATIVE HUMIDITY (PERCENT)
 HIGHEST   100           300 AM
 LOWEST     77          1100 PM
 AVERAGE    89

..........................................................


THE HARRISBURG PA CLIMATE NORMALS FOR TODAY
                         NORMAL    RECORD    YEAR
 MAXIMUM TEMPERATURE (F)   66        91      1990
                                             1942
 MINIMUM TEMPERATURE (F)   45        32      1892


SUNRISE AND SUNSET
APRIL 26 2018.........SUNRISE   613 AM EDT   SUNSET   757 PM EDT
APRIL 27 2018.........SUNRISE   612 AM EDT   SUNSET   758 PM EDT


-  INDICATES NEGATIVE NUMBERS.
R  INDICATES RECORD WAS SET OR TIED.
MM INDICATES DATA IS MISSING.
T  INDICATES TRACE AMOUNT.




$$
