000
CDUS46 KMFR 250037
CLIMFR


CLIMATE REPORT
NATIONAL WEATHER SERVICE MEDFORD, OR
537 PM PDT THU MAY 24 2018


...................................

...THE MEDFORD OR CLIMATE SUMMARY FOR MAY 24 2018...
VALID TODAY AS OF 0500 PM LOCAL TIME.

CLIMATE NORMAL PERIOD 1981 TO 2010
CLIMATE RECORD PERIOD 1911 TO 2018


WEATHER ITEM   OBSERVED TIME   RECORD YEAR NORMAL DEPARTURE LAST
                VALUE   (LST)  VALUE       VALUE  FROM      YEAR
                                                  NORMAL
..................................................................
TEMPERATURE (F)
 TODAY
  MAXIMUM         84    317 PM  98    1928  76      8       80
  MINIMUM         59    633 AM  31    1918  48     11       53
  AVERAGE         72                        62     10       67

PRECIPITATION (IN)
  TODAY            0.00          1.21 1945   0.04  -0.04     0.00
  MONTH TO DATE    0.60                      1.03  -0.43     0.58
  SINCE OCT 1     10.61                     16.20  -5.59    24.27
  SINCE JAN 1      6.00                      8.56  -2.56    12.58

SNOWFALL (IN)
  TODAY            0.0                       0.0    0.0      0.0
  MONTH TO DATE    0.0                       0.0    0.0      0.0
  SINCE JUL 1      4.2                       4.1    0.1     11.8
  SNOW DEPTH       0

DEGREE DAYS
 HEATING
  TODAY            0                         5     -5        0
  MONTH TO DATE   49                       167   -118      128
  SINCE MAR 1    959                      1052    -93      971
  SINCE JUL 1   4052                      4166   -114     4016

 COOLING
  TODAY            7                         2      5        2
  MONTH TO DATE   40                        24     16       53
  SINCE MAR 1     48                        27     21       53
  SINCE JAN 1     48                        27     21       53
..................................................................


WIND (MPH)
  HIGHEST WIND SPEED    15   HIGHEST WIND DIRECTION    NW (300)
  HIGHEST GUST SPEED    21   HIGHEST GUST DIRECTION    NW (310)
  AVERAGE WIND SPEED     5.6


SKY COVER
  POSSIBLE SUNSHINE  MM
  AVERAGE SKY COVER 0.6


WEATHER CONDITIONS
 THE FOLLOWING WEATHER WAS RECORDED TODAY.
  NO SIGNIFICANT WEATHER WAS OBSERVED.


RELATIVE HUMIDITY (PERCENT)
 HIGHEST    93          1200 AM
 LOWEST     31           300 PM
 AVERAGE    62

..........................................................


THE MEDFORD OR CLIMATE NORMALS FOR TOMORROW
                         NORMAL    RECORD    YEAR
 MAXIMUM TEMPERATURE (F)   76        97      1936
 MINIMUM TEMPERATURE (F)   48        30      1920


SUNRISE AND SUNSET
MAY 24 2018...........SUNRISE   542 AM PDT   SUNSET   835 PM PDT
MAY 25 2018...........SUNRISE   541 AM PDT   SUNSET   836 PM PDT


-  INDICATES NEGATIVE NUMBERS.
R  INDICATES RECORD WAS SET OR TIED.
MM INDICATES DATA IS MISSING.
T  INDICATES TRACE AMOUNT.




$$
