000
CDUS43 KIND 200536
CLIMIE


CLIMATE REPORT
NATIONAL WEATHER SERVICE INDIANAPOLIS IN
136 AM EDT FRI APR 20 2018


...................................

...THE MUNCIE IN CLIMATE SUMMARY FOR APRIL 19 2018...

CLIMATE NORMAL PERIOD 1981 TO 2010
CLIMATE RECORD PERIOD 9999 TO 9999


WEATHER ITEM   OBSERVED TIME   NORMAL DEPARTURE LAST
                VALUE   (LST)  VALUE  FROM      YEAR
                                      NORMAL
......................................................
TEMPERATURE (F)
 YESTERDAY
  MAXIMUM         57    429 PM  63     -6       82
  MINIMUM         33   1159 PM  42     -9       64
  AVERAGE         45            53     -8       73

PRECIPITATION (IN)
  YESTERDAY        0.01          0.12  -0.11     0.00
  MONTH TO DATE    3.58          2.33   1.25     1.93
  SINCE MAR 1      7.41          5.28   2.13     6.77
  SINCE JAN 1     12.80          9.82   2.98    12.48

DEGREE DAYS
 HEATING
  YESTERDAY       20            13      7        0
  MONTH TO DATE  415           304    111      158
  SINCE MAR 1   1244          1091    153      844
  SINCE JUL 1   5194          5474   -280     4132

 COOLING
  YESTERDAY        0             1     -1        8
  MONTH TO DATE    9             2      7       18
  SINCE MAR 1      9             3      6       20
  SINCE JAN 1     13             3     10       20
......................................................


WIND (MPH)
  HIGHEST WIND SPEED    21   HIGHEST WIND DIRECTION    NW (320)
  HIGHEST GUST SPEED    31   HIGHEST GUST DIRECTION     N (340)
  AVERAGE WIND SPEED    13.7


SKY COVER
  AVERAGE SKY COVER 0.5


WEATHER CONDITIONS
 THE FOLLOWING WEATHER WAS RECORDED YESTERDAY.
  LIGHT SNOW
  FOG
  HAZE


RELATIVE HUMIDITY (PERCENT)
 HIGHEST    89           300 AM
 LOWEST     32           500 PM
 AVERAGE    61

..........................................................


THE MUNCIE IN CLIMATE NORMALS FOR TODAY
                         NORMAL
 MAXIMUM TEMPERATURE (F)   64
 MINIMUM TEMPERATURE (F)   43


SUNRISE AND SUNSET
APRIL 20 2018.........SUNRISE   656 AM EDT   SUNSET   825 PM EDT
APRIL 21 2018.........SUNRISE   655 AM EDT   SUNSET   826 PM EDT


-  INDICATES NEGATIVE NUMBERS.
R  INDICATES RECORD WAS SET OR TIED.
MM INDICATES DATA IS MISSING.
T  INDICATES TRACE AMOUNT.




$$
