772
CDUS43 KMKX 240644
CLIMKE


CLIMATE REPORT
NATIONAL WEATHER SERVICE IN MILWAUKEE
144 AM CDT TUE APR 24 2018


...................................

...THE MILWAUKEE WI CLIMATE SUMMARY FOR APRIL 23 2018...

CLIMATE NORMAL PERIOD 1981 TO 2010
CLIMATE RECORD PERIOD 1871 TO 2018


WEATHER ITEM   OBSERVED TIME   RECORD YEAR NORMAL DEPARTURE LAST
                VALUE   (LST)  VALUE       VALUE  FROM      YEAR
                                                  NORMAL
..................................................................
TEMPERATURE (F)
 YESTERDAY
  MAXIMUM         59    232 PM  85    1960  57      2       71
  MINIMUM         38    523 AM  22    1910  40     -2       39
  AVERAGE         49                        48      1       55

PRECIPITATION (IN)
  YESTERDAY        0.00          1.52 1999   0.11  -0.11     0.00
  MONTH TO DATE    2.92                      2.77   0.15     3.87
  SINCE MAR 1      3.58                      5.04  -1.46     7.59
  SINCE JAN 1      8.40                      8.45  -0.05    11.60

SNOWFALL (IN)
  YESTERDAY        0.0           8.0  1910   0.1   -0.1      0.0
  MONTH TO DATE   10.0                       1.9    8.1      0.0
  SINCE MAR 1     14.0                       8.9    5.1     13.6
  SINCE JUL 1     46.7                      46.7    0.0     37.6
  SNOW DEPTH       0

DEGREE DAYS
 HEATING
  YESTERDAY       16                        17     -1       10
  MONTH TO DATE  653                       479    174      322
  SINCE MAR 1   1577                      1408    169     1209
  SINCE JUL 1   6189                      6388   -199     5208

 COOLING
  YESTERDAY        0                         0      0        0
  MONTH TO DATE    0                         0      0        2
  SINCE MAR 1      0                         0      0        2
  SINCE JAN 1      0                         0      0        2
..................................................................


WIND (MPH)
  HIGHEST WIND SPEED    18   HIGHEST WIND DIRECTION     N (10)
  HIGHEST GUST SPEED    26   HIGHEST GUST DIRECTION    NE (30)
  AVERAGE WIND SPEED     8.4


SKY COVER
  POSSIBLE SUNSHINE  MM
  AVERAGE SKY COVER 0.7


WEATHER CONDITIONS
 THE FOLLOWING WEATHER WAS RECORDED YESTERDAY.
  NO SIGNIFICANT WEATHER WAS OBSERVED.


RELATIVE HUMIDITY (PERCENT)
 HIGHEST    70           400 AM
 LOWEST     26           500 PM
 AVERAGE    48

..........................................................


THE MILWAUKEE WI CLIMATE NORMALS FOR TODAY
                         NORMAL    RECORD    YEAR
 MAXIMUM TEMPERATURE (F)   57        87      1990
 MINIMUM TEMPERATURE (F)   40        27      1971


SUNRISE AND SUNSET
APRIL 24 2018.........SUNRISE   556 AM CDT   SUNSET   744 PM CDT
APRIL 25 2018.........SUNRISE   554 AM CDT   SUNSET   746 PM CDT


-  INDICATES NEGATIVE NUMBERS.
R  INDICATES RECORD WAS SET OR TIED.
MM INDICATES DATA IS MISSING.
T  INDICATES TRACE AMOUNT.




$$
