000
CDUS43 KGRR 252128
CLIMKG


CLIMATE REPORT
NATIONAL WEATHER SERVICE GRAND RAPIDS, MI
525 PM EDT FRI MAY 25 2018


...................................

...THE MUSKEGON MI CLIMATE SUMMARY FOR MAY 25 2018...
VALID TODAY AS OF 0500 PM LOCAL TIME.

CLIMATE NORMAL PERIOD 1981 TO 2010
CLIMATE RECORD PERIOD 1896 TO 2018


WEATHER ITEM   OBSERVED TIME   RECORD YEAR NORMAL DEPARTURE LAST
                VALUE   (LST)  VALUE       VALUE  FROM      YEAR
                                                  NORMAL
..................................................................
TEMPERATURE (F)
 TODAY
  MAXIMUM         82    325 PM  88    1977  70     12       71
  MINIMUM         60    241 AM  32    1992  50     10       55
  AVERAGE         71                        60     11       63

PRECIPITATION (IN)
  TODAY            0.00          1.85 1991   0.11  -0.11     0.01
  MONTH TO DATE    4.29                      2.65   1.64     1.46
  SINCE MAR 1      8.70                      7.81   0.89     8.74
  SINCE JAN 1     15.64                     11.67   3.97    14.44

SNOWFALL (IN)
  TODAY            0.0           T    1989   0.0    0.0      0.0
  MONTH TO DATE    0.0                       0.0    0.0      0.0
  SINCE MAR 1     13.6                      11.3    2.3      4.5
  SINCE JUL 1    105.3                      93.7   11.6     49.0
  SNOW DEPTH       0

DEGREE DAYS
 HEATING
  TODAY            0                         7     -7        2
  MONTH TO DATE  140                       243   -103      253
  SINCE MAR 1   1886                      1729    157     1580
  SINCE JUL 1   6403                      6461    -58     5445

 COOLING
  TODAY            6                         1      5        0
  MONTH TO DATE   13                        17     -4       17
  SINCE MAR 1     13                        21     -8       22
  SINCE JAN 1     13                        21     -8       22
..................................................................


WIND (MPH)
  RESULTANT WIND SPEED   8   RESULTANT WIND DIRECTION  SW (210)
  HIGHEST WIND SPEED    15   HIGHEST WIND DIRECTION     S (190)
  HIGHEST GUST SPEED    21   HIGHEST GUST DIRECTION    SW (210)
  AVERAGE WIND SPEED     8.6


SKY COVER
  AVERAGE SKY COVER 0.3


WEATHER CONDITIONS
 THE FOLLOWING WEATHER WAS RECORDED TODAY.
  NO SIGNIFICANT WEATHER WAS OBSERVED.


RELATIVE HUMIDITY (PERCENT)
 HIGHEST    78           200 AM
 LOWEST     41           400 AM
 AVERAGE    60

..........................................................


THE MUSKEGON MI CLIMATE NORMALS FOR TOMORROW
                         NORMAL    RECORD    YEAR
 MAXIMUM TEMPERATURE (F)   70        87      2010
 MINIMUM TEMPERATURE (F)   50        30      1961


SUNRISE AND SUNSET
MAY 25 2018...........SUNRISE   612 AM EDT   SUNSET   912 PM EDT
MAY 26 2018...........SUNRISE   612 AM EDT   SUNSET   913 PM EDT


-  INDICATES NEGATIVE NUMBERS.
R  INDICATES RECORD WAS SET OR TIED.
MM INDICATES DATA IS MISSING.
T  INDICATES TRACE AMOUNT.




$$

63
