000
CDUS44 KMOB 230645
CLIMOB


CLIMATE REPORT
NATIONAL WEATHER SERVICE MOBILE AL
145 AM CDT WED MAY 23 2018


...................................

...THE MOBILE CLIMATE SUMMARY FOR MAY 22 2018...

CLIMATE NORMAL PERIOD 1981 TO 2010
CLIMATE RECORD PERIOD 1842 TO 2018


WEATHER ITEM   OBSERVED TIME   RECORD YEAR NORMAL DEPARTURE LAST
                VALUE   (LST)  VALUE       VALUE  FROM      YEAR
                                                  NORMAL
..................................................................
TEMPERATURE (F)
 YESTERDAY
  MAXIMUM         90   1202 PM  96    1996  86      4       81
  MINIMUM         69    445 AM  48    1993  65      4       65
  AVERAGE         80                        76      4       73

PRECIPITATION (IN)
  YESTERDAY        0.12          3.80 1965   0.17  -0.05     0.11
  MONTH TO DATE    2.08                      3.58  -1.50     8.58
  SINCE MAR 1      8.86                     14.51  -5.65    17.48
  SINCE JAN 1     18.44                     25.28  -6.84    29.69

DEGREE DAYS
 COOLING
  YESTERDAY       15                        11      4        8
  MONTH TO DATE  256                       181     75      171
  SINCE MAR 1    370                       324     46      431
  SINCE JAN 1    477                       340    137      506
..................................................................


WIND (MPH)
  HIGHEST WIND SPEED    17   HIGHEST WIND DIRECTION     E (90)
  HIGHEST GUST SPEED    22   HIGHEST GUST DIRECTION     E (90)
  AVERAGE WIND SPEED     3.6


SKY COVER
  POSSIBLE SUNSHINE  MM
  AVERAGE SKY COVER 0.5


WEATHER CONDITIONS
 THE FOLLOWING WEATHER WAS RECORDED YESTERDAY.
  THUNDERSTORM
  LIGHT RAIN
  FOG
  HAZE


RELATIVE HUMIDITY (PERCENT)
 HIGHEST   100           300 AM
 LOWEST     50          1200 PM
 AVERAGE    75

..........................................................


THE MOBILE CLIMATE NORMALS FOR TODAY
                         NORMAL    RECORD    YEAR
 MAXIMUM TEMPERATURE (F)   86        95      1996
                                             1972
                                             1920
 MINIMUM TEMPERATURE (F)   66        47      1883


SUNRISE AND SUNSET
MAY 23 2018...........SUNRISE   554 AM CDT   SUNSET   746 PM CDT
MAY 24 2018...........SUNRISE   553 AM CDT   SUNSET   747 PM CDT


-  INDICATES NEGATIVE NUMBERS.
R  INDICATES RECORD WAS SET OR TIED.
MM INDICATES DATA IS MISSING.
T  INDICATES TRACE AMOUNT.




$$
