000
CDUS46 KSTO 190844
CLIMOD


CLIMATE REPORT
NATIONAL WEATHER SERVICE SACRAMENTO, CA
142 AM PDT THU APR 19 2018


...................................

...THE MODESTO CA CLIMATE SUMMARY FOR APRIL 18 2018...

CLIMATE NORMAL PERIOD 1981 TO 2010
CLIMATE RECORD PERIOD 1931 TO 2018


WEATHER ITEM   OBSERVED TIME   RECORD YEAR NORMAL DEPARTURE LAST
                VALUE   (LST)  VALUE       VALUE  FROM      YEAR
                                                  NORMAL
..................................................................
TEMPERATURE (F)
 YESTERDAY
  MAXIMUM         64    456 PM  92    1954  75    -11       71
  MINIMUM         47    538 AM  35    1933  50     -3       55
  AVERAGE         56

PRECIPITATION (IN)
  YESTERDAY        0.00          0.38 1981   0.03  -0.03     0.28
  MONTH TO DATE    2.22                      0.64   1.58     1.48
  SINCE OCT 1      8.00                     11.75  -3.75    16.78
  SINCE JAN 1      6.97                      7.67  -0.70    11.75

SNOWFALL (IN)
  YESTERDAY        0.0          MM      MM
  MONTH TO DATE    0.0
  SINCE MAR 1      0.0
  SINCE JUL 1      0.0
  SNOW DEPTH       0

DEGREE DAYS
 HEATING
  YESTERDAY        9                         4      5        2
  MONTH TO DATE   80                        93    -13       78
  SINCE MAR 1    384                       330     54      258
  SINCE JUL 1   1962                      2098   -136     1774

 COOLING
  YESTERDAY        0                         1     -1        0
  MONTH TO DATE    4                        14    -10        1
  SINCE MAR 1      7                        19    -12        7
  SINCE JAN 1      7                        19    -12        7
..................................................................


WIND (MPH)
  RESULTANT WIND SPEED   4   RESULTANT WIND DIRECTION   N (340)
  HIGHEST WIND SPEED    17   HIGHEST WIND DIRECTION    NW (320)
  HIGHEST GUST SPEED    20   HIGHEST GUST DIRECTION    NW (300)


SKY COVER
  POSSIBLE SUNSHINE  MM
  AVERAGE SKY COVER 0.1


WEATHER CONDITIONS
 THE FOLLOWING WEATHER WAS RECORDED YESTERDAY.
  NO SIGNIFICANT WEATHER WAS OBSERVED.


RELATIVE HUMIDITY (PERCENT)
 HIGHEST    80           200 AM
 LOWEST     42           200 PM
 AVERAGE    61

..........................................................


THE MODESTO CA CLIMATE NORMALS FOR TODAY
                         NORMAL    RECORD    YEAR
 MAXIMUM TEMPERATURE (F)   76        93      2009
 MINIMUM TEMPERATURE (F)   50        36      1933


SUNRISE AND SUNSET
APRIL 19 2018.........SUNRISE   623 AM PDT   SUNSET   743 PM PDT
APRIL 20 2018.........SUNRISE   622 AM PDT   SUNSET   744 PM PDT


-  INDICATES NEGATIVE NUMBERS.
R  INDICATES RECORD WAS SET OR TIED.
MM INDICATES DATA IS MISSING.
T  INDICATES TRACE AMOUNT.




$$
