000
CDUS41 KPHI 210553
CLIMPO


CLIMATE REPORT
NATIONAL WEATHER SERVICE MOUNT HOLLY NJ
152 AM EDT MON MAY 21 2018


...................................

...THE MOUNT POCONO PA CLIMATE SUMMARY FOR MAY 20 2018...

CLIMATE NORMAL PERIOD 1981 TO 2010
CLIMATE RECORD PERIOD 1901 TO 2018


WEATHER ITEM   OBSERVED TIME   RECORD YEAR NORMAL DEPARTURE LAST
                VALUE   (LST)  VALUE       VALUE  FROM      YEAR
                                                  NORMAL
..................................................................
TEMPERATURE (F)
 YESTERDAY
  MAXIMUM         72   1253 PM  87    1962  66      6       60
  MINIMUM         54   1159 PM  29    1992  46      8       40
  AVERAGE         63                        56      7       50

PRECIPITATION (IN)
  YESTERDAY        0.02          2.06 1988   0.16  -0.14      T
  MONTH TO DATE    5.48                      2.51   2.97     2.95
  SINCE MAR 1     12.38                     10.36   2.02    10.80
  SINCE JAN 1     22.01                     15.62   6.39    15.76

DEGREE DAYS
 HEATING
  YESTERDAY        2                         9     -7       15
  MONTH TO DATE  145                       234    -89      273
  SINCE MAR 1   2026                      1805    221     1818
  SINCE JUL 1   6987                      6928     59     6421

 COOLING
  YESTERDAY        0                         1     -1        0
  MONTH TO DATE   17                         2     15       15
  SINCE MAR 1     17                         6     11       18
  SINCE JAN 1     17                         6     11       18
..................................................................


WIND (MPH)
  HIGHEST WIND SPEED    22   HIGHEST WIND DIRECTION     W (280)
  HIGHEST GUST SPEED    29   HIGHEST GUST DIRECTION    NW (320)
  AVERAGE WIND SPEED    13.4


SKY COVER
  POSSIBLE SUNSHINE  MM
  AVERAGE SKY COVER 0.7


WEATHER CONDITIONS
 THE FOLLOWING WEATHER WAS RECORDED YESTERDAY.
  LIGHT RAIN
  FOG


RELATIVE HUMIDITY (PERCENT)
 HIGHEST   100          1200 AM
 LOWEST     68           100 PM
 AVERAGE    84

..........................................................


THE MOUNT POCONO PA CLIMATE NORMALS FOR TODAY
                         NORMAL    RECORD    YEAR
 MAXIMUM TEMPERATURE (F)   66        87      1911
 MINIMUM TEMPERATURE (F)   46        24      1905
                                             1993


SUNRISE AND SUNSET
MAY 21 2018...........SUNRISE   538 AM EDT   SUNSET   819 PM EDT
MAY 22 2018...........SUNRISE   537 AM EDT   SUNSET   820 PM EDT


-  INDICATES NEGATIVE NUMBERS.
R  INDICATES RECORD WAS SET OR TIED.
MM INDICATES DATA IS MISSING.
T  INDICATES TRACE AMOUNT.




$$
