000
CDUS41 KBTV 190526
CLIMPV


CLIMATE REPORT
NATIONAL WEATHER SERVICE BURLINGTON VT
125 AM EDT THU APR 19 2018


...................................

...THE MONTPELIER VT CLIMATE SUMMARY FOR APRIL 18 2018...

CLIMATE NORMAL PERIOD 1981 TO 2010
CLIMATE RECORD PERIOD 1948 TO 2018


WEATHER ITEM   OBSERVED TIME   RECORD YEAR NORMAL DEPARTURE LAST
                VALUE   (LST)  VALUE       VALUE  FROM      YEAR
                                                  NORMAL
..................................................................
TEMPERATURE (F)
 YESTERDAY
  MAXIMUM         44    300 PM  90    1976  55    -11       50
  MINIMUM         29    504 AM  21    1962  33     -4       35
  AVERAGE         37                        44     -7       43

PRECIPITATION (IN)
  YESTERDAY        T             0.74        0.09  -0.09     0.00
  MONTH TO DATE    3.03                      1.57   1.46     2.11
  SINCE MAR 1      5.52                      3.96   1.56     4.71
  SINCE JAN 1      9.80                      8.45   1.35     8.63

DEGREE DAYS
 HEATING
  YESTERDAY       28                        21      7       22
  MONTH TO DATE  597                       454    143      360
  SINCE MAR 1   1742                      1571    171     1641
  SINCE JUL 1   7397                      7479    -82     6862

 COOLING
  YESTERDAY        0                         0      0        0
  MONTH TO DATE    0                         0      0        1
  SINCE MAR 1      0                         0      0        1
  SINCE JAN 1      0                         0      0        1
..................................................................


WIND (MPH)
  HIGHEST WIND SPEED    15   HIGHEST WIND DIRECTION     W (290)
  HIGHEST GUST SPEED    27   HIGHEST GUST DIRECTION     W (290)
  AVERAGE WIND SPEED     6.3


SKY COVER
  AVERAGE SKY COVER 1.0


WEATHER CONDITIONS
 THE FOLLOWING WEATHER WAS RECORDED YESTERDAY.
  LIGHT SNOW


RELATIVE HUMIDITY (PERCENT)
 HIGHEST    92          1200 AM
 LOWEST     57           500 PM
 AVERAGE    75

..........................................................


THE MONTPELIER VT CLIMATE NORMALS FOR TODAY
                         NORMAL    RECORD    YEAR
 MAXIMUM TEMPERATURE (F)   55        90      1976
 MINIMUM TEMPERATURE (F)   33        22      2001


SUNRISE AND SUNSET
APRIL 19 2018.........SUNRISE   600 AM EDT   SUNSET   739 PM EDT
APRIL 20 2018.........SUNRISE   558 AM EDT   SUNSET   741 PM EDT


-  INDICATES NEGATIVE NUMBERS.
R  INDICATES RECORD WAS SET OR TIED.
MM INDICATES DATA IS MISSING.
T  INDICATES TRACE AMOUNT.




$$
