000
CDUS41 KBTV 270559
CLIMSS


CLIMATE REPORT
NATIONAL WEATHER SERVICE BURLINGTON VT
157 AM EDT SUN MAY 27 2018


...................................

...THE MASSENA NY CLIMATE SUMMARY FOR MAY 26 2018...

CLIMATE NORMAL PERIOD 1981 TO 2010
CLIMATE RECORD PERIOD 1948 TO 2018


WEATHER ITEM   OBSERVED TIME   RECORD YEAR NORMAL DEPARTURE LAST
                VALUE   (LST)  VALUE       VALUE  FROM      YEAR
                                                  NORMAL
..................................................................
TEMPERATURE (F)
 YESTERDAY
  MAXIMUM         71    449 PM  96    2010  70      1       58
  MINIMUM         60    434 AM  32    1972  47     13       48
  AVERAGE         66                        58      8       53

PRECIPITATION (IN)
  YESTERDAY        0.09          1.43        0.10  -0.01     0.10
  MONTH TO DATE    1.69                      2.56  -0.87     4.43
  SINCE MAR 1      5.83                      7.47  -1.64    10.21
  SINCE JAN 1      9.06                     11.42  -2.36    13.64

DEGREE DAYS
 HEATING
  YESTERDAY        0                         7     -7       12
  MONTH TO DATE  196                       285    -89      305
  SINCE MAR 1   2086                      2080      6     2076
  SINCE JUL 1   7284                      8067   -783     7002

 COOLING
  YESTERDAY        1                         1      0        0
  MONTH TO DATE   10                         7      3       14
  SINCE MAR 1     10                         8      2       16
  SINCE JAN 1     10                         8      2       16
..................................................................


WIND (MPH)
  HIGHEST WIND SPEED    13   HIGHEST WIND DIRECTION     N (350)
  HIGHEST GUST SPEED    16   HIGHEST GUST DIRECTION    NW (330)
  AVERAGE WIND SPEED     6.5


SKY COVER
  AVERAGE SKY COVER 0.5


WEATHER CONDITIONS
 THE FOLLOWING WEATHER WAS RECORDED YESTERDAY.
  LIGHT RAIN
  FOG


RELATIVE HUMIDITY (PERCENT)
 HIGHEST    90           500 AM
 LOWEST     68          1000 AM
 AVERAGE    79

..........................................................


THE MASSENA NY CLIMATE NORMALS FOR TODAY
                         NORMAL    RECORD    YEAR
 MAXIMUM TEMPERATURE (F)   70        89      2016
                                             1978
 MINIMUM TEMPERATURE (F)   47        30      1954


SUNRISE AND SUNSET
MAY 27 2018...........SUNRISE   519 AM EDT   SUNSET   834 PM EDT
MAY 28 2018...........SUNRISE   519 AM EDT   SUNSET   835 PM EDT


-  INDICATES NEGATIVE NUMBERS.
R  INDICATES RECORD WAS SET OR TIED.
MM INDICATES DATA IS MISSING.
T  INDICATES TRACE AMOUNT.




$$
