000
CDUS44 KLIX 230704
CLINEW


CLIMATE REPORT
NATIONAL WEATHER SERVICE NEW ORLEANS
NATIONAL WEATHER SERVICE NEW ORL
201 AM CDT MON APR 23 2018


...................................

...THE NEW ORLEANS CLIMATE SUMMARY FOR APRIL 22 2018...

CLIMATE NORMAL PERIOD 1981 TO 2010
CLIMATE RECORD PERIOD 1946 TO 2018


WEATHER ITEM   OBSERVED TIME   RECORD YEAR NORMAL DEPARTURE LAST
                VALUE   (LST)  VALUE       VALUE  FROM      YEAR
                                                  NORMAL
..................................................................
TEMPERATURE (F)
 YESTERDAY
  MAXIMUM         82    144 PM  89    1955  80      2       85
  MINIMUM         62   1137 PM  46    1993  62      0       65
  AVERAGE         72                        71      1       75

PRECIPITATION (IN)
  YESTERDAY        0.34          5.31 1983   0.14   0.20     0.05
  MONTH TO DATE    5.79                      3.34   2.45     2.55
  SINCE MAR 1      8.79                      7.89   0.90     5.43
  SINCE JAN 1     16.43                     18.34  -1.91    13.07

SNOWFALL (IN)
  YESTERDAY        0.0
  MONTH TO DATE    0.0
  SINCE MAR 1      0.0
  SINCE JUL 1      T
  SNOW DEPTH       0

DEGREE DAYS
 HEATING
  YESTERDAY        0                         1     -1        0
  MONTH TO DATE   32                        32      0        7
  SINCE MAR 1    120                       168    -48       66
  SINCE JUL 1   1119                      1277   -158      627

 COOLING
  YESTERDAY        7                         6      1       10
  MONTH TO DATE   62                       100    -38      148
  SINCE MAR 1    170                       163      7      287
  SINCE JAN 1    319                       200    119      407
..................................................................


WIND (MPH)
  HIGHEST WIND SPEED    32   HIGHEST WIND DIRECTION    SE (140)
  HIGHEST GUST SPEED    45   HIGHEST GUST DIRECTION    SE (130)
  AVERAGE WIND SPEED    13.1


SKY COVER
  POSSIBLE SUNSHINE  MM
  AVERAGE SKY COVER 0.8


WEATHER CONDITIONS
 THE FOLLOWING WEATHER WAS RECORDED YESTERDAY.
  LIGHT RAIN
  FOG


RELATIVE HUMIDITY (PERCENT)
 HIGHEST   100           500 AM
 LOWEST     54           400 PM
 AVERAGE    77

..........................................................


THE NEW ORLEANS CLIMATE NORMALS FOR TODAY
                         NORMAL    RECORD    YEAR
 MAXIMUM TEMPERATURE (F)   80        88      1971
                                             1967
 MINIMUM TEMPERATURE (F)   62        46      1993


SUNRISE AND SUNSET
APRIL 23 2018.........SUNRISE   626 AM CDT   SUNSET   733 PM CDT
APRIL 24 2018.........SUNRISE   625 AM CDT   SUNSET   734 PM CDT


-  INDICATES NEGATIVE NUMBERS.
R  INDICATES RECORD WAS SET OR TIED.
MM INDICATES DATA IS MISSING.
T  INDICATES TRACE AMOUNT.




$$
