000
CDUS45 KPSR 250811 RRA
CLINYL

CLIMATE REPORT
NATIONAL WEATHER SERVICE PHOENIX AZ
110 AM MST WED APR 25 2018


...................................

...THE YUMA AZ CLIMATE SUMMARY FOR APRIL 24 2018...

CLIMATE NORMAL PERIOD 1981 TO 2010
CLIMATE RECORD PERIOD 1876 TO 2018


WEATHER ITEM   OBSERVED TIME   RECORD YEAR NORMAL DEPARTURE LAST
                VALUE   (LST)  VALUE       VALUE  FROM      YEAR
                                                  NORMAL
..................................................................
TEMPERATURE (F)
 YESTERDAY
  MAXIMUM         97    431 PM 106    1910  89      8       92
  MINIMUM         66    629 AM  46    1923  62      4       66
  AVERAGE         82                        75      7       79

PRECIPITATION (IN)
  YESTERDAY        0.00          T    1924   0.00   0.00     0.00
                                      1888
  MONTH TO DATE    0.00                      0.13  -0.13     0.00
  SINCE OCT 1      0.25                      2.16  -1.91     2.51
  SINCE JAN 1      0.18                      1.22  -1.04     1.56

DEGREE DAYS
 HEATING
  YESTERDAY        0                         0      0        0
  MONTH TO DATE    0                        12    -12        0
  SINCE MAR 1     47                        62    -15       13
  SINCE JUL 1    406                       685   -279      526

 COOLING
  YESTERDAY       17                        10      7       14
  MONTH TO DATE  243                       184     59      262
  SINCE MAR 1    356                       301     55      492
  SINCE JAN 1    408                       337     71      533
..................................................................


WIND (MPH)
  HIGHEST WIND SPEED    13   HIGHEST WIND DIRECTION     S (180)
  HIGHEST GUST SPEED    22   HIGHEST GUST DIRECTION     S (190)
  AVERAGE WIND SPEED     5.1


SKY COVER
  AVERAGE SKY COVER 0.1


WEATHER CONDITIONS
 THE FOLLOWING WEATHER WAS RECORDED YESTERDAY.
  NO SIGNIFICANT WEATHER WAS OBSERVED.


RELATIVE HUMIDITY (PERCENT)
 HIGHEST    34
 LOWEST     11
 AVERAGE    23

..........................................................


THE YUMA AZ CLIMATE NORMALS FOR TODAY
                         NORMAL    RECORD    YEAR
 MAXIMUM TEMPERATURE (F)   89       107      1898
 MINIMUM TEMPERATURE (F)   62        44      1883


SUNRISE AND SUNSET
APRIL 25 2018.........SUNRISE   558 AM MST   SUNSET   716 PM MST
APRIL 26 2018.........SUNRISE   556 AM MST   SUNSET   716 PM MST


-  INDICATES NEGATIVE NUMBERS.
R  INDICATES RECORD WAS SET OR TIED.
MM INDICATES DATA IS MISSING.
T  INDICATES TRACE AMOUNT.

$$
