956
CDHW42 PHFO 270228
CLIOGG


CLIMATE REPORT
NATIONAL WEATHER SERVICE HONOLULU HI
427 PM HST THU APR 26 2018


...................................

...THE KAHULUI HI CLIMATE SUMMARY FOR APRIL 26 2018...
VALID TODAY AS OF 0400 PM LOCAL TIME.

CLIMATE NORMAL PERIOD 1981 TO 2010
CLIMATE RECORD PERIOD 1946 TO 2018


WEATHER ITEM   OBSERVED TIME   RECORD YEAR NORMAL DEPARTURE LAST
                VALUE   (LST)  VALUE       VALUE  FROM      YEAR
                                                  NORMAL
..................................................................
TEMPERATURE (F)
 TODAY
  MAXIMUM         84    225 PM  89    1952  83      1       86
  MINIMUM         68    649 AM  56    2009  66      2       66
  AVERAGE         76                        74      2       76

PRECIPITATION (IN)
  TODAY            0.07          1.42 2015   0.03   0.04     0.00
  MONTH TO DATE    4.33                      1.42   2.91     1.78
  SINCE MAR 1      6.53                      3.87   2.66     5.92
  SINCE JAN 1     12.38                      8.63   3.75     8.40

SNOWFALL (IN)
  TODAY            0.0
  MONTH TO DATE    0.0
  SINCE MAR 1      0.0
  SINCE JUL 1      0.0
  SNOW DEPTH      MM

DEGREE DAYS
 HEATING
  TODAY            0                         0      0        0
  MONTH TO DATE    0                         0      0        0
  SINCE MAR 1      0                         0      0        0
  SINCE JUL 1      0                         0      0        0

 COOLING
  TODAY           11                         9      2       11
  MONTH TO DATE  289                       234     55      262
  SINCE MAR 1    521                       479     42      507
  SINCE JAN 1    966                       888     78      978
..................................................................


WIND (MPH)
  HIGHEST WIND SPEED    23   HIGHEST WIND DIRECTION    NE (60)
  HIGHEST GUST SPEED    35   HIGHEST GUST DIRECTION     E (80)
  AVERAGE WIND SPEED    MM


SKY COVER
  POSSIBLE SUNSHINE  MM
  AVERAGE SKY COVER  MM


WEATHER CONDITIONS
 THE FOLLOWING WEATHER WAS RECORDED TODAY.
  FOG


RELATIVE HUMIDITY (PERCENT)
 HIGHEST    MM
 LOWEST     MM
 AVERAGE    MM

..........................................................


THE KAHULUI HI CLIMATE NORMALS FOR TOMORROW
                         NORMAL    RECORD    YEAR
 MAXIMUM TEMPERATURE (F)   83        92      1953
 MINIMUM TEMPERATURE (F)   66        58      1979


SUNRISE AND SUNSET
APRIL 26 2018.........SUNRISE   559 AM HST   SUNSET   649 PM HST
APRIL 27 2018.........SUNRISE   558 AM HST   SUNSET   649 PM HST


-  INDICATES NEGATIVE NUMBERS.
R  INDICATES RECORD WAS SET OR TIED.
MM INDICATES DATA IS MISSING.
T  INDICATES TRACE AMOUNT.




$$
