000
CDUS43 KEAX 220642
CLIOJC


CLIMATE REPORT
NATIONAL WEATHER SERVICE KANSAS CITY/PLEASANT HILL MO
142 AM CDT TUE MAY 22 2018


...................................

...THE JOHNSON COUNTY EXECUTIVE KS CLIMATE SUMMARY FOR MAY 21 2018...

CLIMATE NORMAL PERIOD 1981 TO 2010
CLIMATE RECORD PERIOD 9999 TO 9999


WEATHER ITEM   OBSERVED TIME   NORMAL DEPARTURE LAST
                VALUE   (LST)  VALUE  FROM      YEAR
                                      NORMAL
......................................................
TEMPERATURE (F)
 YESTERDAY
  MAXIMUM         74    625 PM  76     -2       69
  MINIMUM         58    825 AM  57      1       43
  AVERAGE         66            66      0       56

PRECIPITATION (IN)
  YESTERDAY        0.00          0.17  -0.17     0.00
  MONTH TO DATE    1.94          3.75  -1.81     3.04
  SINCE MAR 1      6.09         10.37  -4.28    11.15
  SINCE JAN 1      7.50         13.06  -5.56    12.07

DEGREE DAYS
 HEATING
  YESTERDAY        0             2     -2        9
  MONTH TO DATE    0            79    -79       76
  SINCE MAR 1   1175          1017    158      854
  SINCE JUL 1   5063          4910    153     3994

 COOLING
  YESTERDAY        1             3     -2        0
  MONTH TO DATE  133            40     93       50
  SINCE MAR 1    139            58     81       76
  SINCE JAN 1    139            58     81       76
......................................................


WIND (MPH)
  HIGHEST WIND SPEED    12   HIGHEST WIND DIRECTION    NW (310)
  HIGHEST GUST SPEED    16   HIGHEST GUST DIRECTION    SW (240)
  AVERAGE WIND SPEED     5.3


SKY COVER
  AVERAGE SKY COVER 0.6


WEATHER CONDITIONS
 THE FOLLOWING WEATHER WAS RECORDED YESTERDAY.
  FOG


RELATIVE HUMIDITY (PERCENT)
 HIGHEST   100          1200 AM
 LOWEST     57           500 PM
 AVERAGE    79

..........................................................


THE JOHNSON COUNTY EXECUTIVE KS CLIMATE NORMALS FOR TODAY
                         NORMAL
 MAXIMUM TEMPERATURE (F)   76
 MINIMUM TEMPERATURE (F)   57


SUNRISE AND SUNSET
MAY 22 2018...........SUNRISE   601 AM CDT   SUNSET   831 PM CDT
MAY 23 2018...........SUNRISE   600 AM CDT   SUNSET   831 PM CDT


-  INDICATES NEGATIVE NUMBERS.
R  INDICATES RECORD WAS SET OR TIED.
MM INDICATES DATA IS MISSING.
T  INDICATES TRACE AMOUNT.




$$
