000
CDUS46 KSGX 241125
CLIOKB


CLIMATE REPORT
NATIONAL WEATHER SERVICE SAN DIEGO, CA
424 AM PDT THU MAY 24 2018


...................................

...THE OCEANSIDE AIRPORT CA CLIMATE SUMMARY FOR MAY 23 2018...

CLIMATE NORMAL PERIOD 1981 TO 2010
CLIMATE RECORD PERIOD 1999 TO 2018


WEATHER ITEM   OBSERVED TIME   RECORD YEAR NORMAL DEPARTURE LAST
                VALUE   (LST)  VALUE       VALUE  FROM      YEAR
                                                  NORMAL
..................................................................
TEMPERATURE (F)
 YESTERDAY
  MAXIMUM         70    205 PM  73    2017  70      0       73
                                      2006
  MINIMUM         58    600 AM  47    2002  55      3       60
  AVERAGE         64                        62      2       67

PRECIPITATION (IN)
  YESTERDAY        0.03          0.18 2008   0.01   0.02     0.00
  MONTH TO DATE    0.11                      0.25  -0.14     1.27
  SINCE OCT 1      4.85                     13.03  -8.18    14.92
  SINCE JAN 1      4.81                      9.15  -4.34     9.77

DEGREE DAYS
 HEATING
  YESTERDAY        1                         3     -2        0
  MONTH TO DATE   85                        89     -4       64
  SINCE MAR 1    523                       575    -52      385
  SINCE JUL 1   1489                      1983   -494     1400

 COOLING
  YESTERDAY        0                         0      0        2
  MONTH TO DATE    2                         0      2       11
  SINCE MAR 1      4                         3      1       17
  SINCE JAN 1      7                         3      4       17
..................................................................


WIND (MPH)
  RESULTANT WIND SPEED   6   RESULTANT WIND DIRECTION   W (260)
  HIGHEST WIND SPEED    16   HIGHEST WIND DIRECTION     W (260)
  HIGHEST GUST SPEED    21   HIGHEST GUST DIRECTION     W (260)
  AVERAGE WIND SPEED     6.3


SKY COVER
  POSSIBLE SUNSHINE  MM
  AVERAGE SKY COVER 0.8


WEATHER CONDITIONS
 THE FOLLOWING WEATHER WAS RECORDED YESTERDAY.
  LIGHT RAIN
  FOG
  HAZE


RELATIVE HUMIDITY (PERCENT)
 HIGHEST    93           500 AM
 LOWEST     61           200 PM
 AVERAGE    77

..........................................................


THE OCEANSIDE AIRPORT CA CLIMATE NORMALS FOR TODAY
                         NORMAL    RECORD    YEAR
 MAXIMUM TEMPERATURE (F)   70        75      2006
 MINIMUM TEMPERATURE (F)   55        46      2010


SUNRISE AND SUNSET
MAY 24 2018...........SUNRISE   544 AM PDT   SUNSET   749 PM PDT
MAY 25 2018...........SUNRISE   544 AM PDT   SUNSET   749 PM PDT


-  INDICATES NEGATIVE NUMBERS.
R  INDICATES RECORD WAS SET OR TIED.
MM INDICATES DATA IS MISSING.
T  INDICATES TRACE AMOUNT.




$$
