000
CDUS45 KGGW 220029
CLIOLF


CLIMATE REPORT
NATIONAL WEATHER SERVICE GLASGOW MT
628 PM MDT SAT APR 21 2018


...................................

...THE WOLF POINT MT CLIMATE SUMMARY FOR APRIL 21 2018...
VALID TODAY AS OF 0500 PM LOCAL TIME.

CLIMATE NORMAL PERIOD 1981 TO 2010
CLIMATE RECORD PERIOD 9999 TO 9999


WEATHER ITEM   OBSERVED RECORD YEAR NORMAL DEPARTURE
                VALUE   VALUE       VALUE  FROM
                                           NORMAL
........................................................
TEMPERATURE (F)
 TODAY
  MAXIMUM         77     MM      MM  62
  MINIMUM         33     MM      MM  30
  AVERAGE         55

PRECIPITATION (IN)
  TODAY            0.00  MM      MM   0.04  -0.04
  MONTH TO DATE    0.21               0.53  -0.32
  SINCE OCT 1      1.56               3.01  -1.45
  SINCE JAN 1      0.75               1.51  -0.76

SNOWFALL (IN)
  TODAY            0.0   MM      MM  MM
  MONTH TO DATE    0.0               MM
  SINCE MAR 1      0.0               MM
  SINCE JUL 1      0.0               MM

DEGREE DAYS
 HEATING
  TODAY           10

 COOLING
  TODAY            0
........................................................







THE WOLF POINT MT CLIMATE NORMALS FOR TOMORROW
                         NORMAL    RECORD    YEAR
 MAXIMUM TEMPERATURE (F)   62        MM        MM
 MINIMUM TEMPERATURE (F)   31        MM        MM


SUNRISE AND SUNSET
APRIL 21 2018.........SUNRISE   601 AM MDT   SUNSET   802 PM MDT
APRIL 22 2018.........SUNRISE   559 AM MDT   SUNSET   803 PM MDT


-  INDICATES NEGATIVE NUMBERS.
R  INDICATES RECORD WAS SET OR TIED.
MM INDICATES DATA IS MISSING.
T  INDICATES TRACE AMOUNT.




$$
