000
CDUS41 KAKQ 260533
CLIORF


CLIMATE REPORT
NATIONAL WEATHER SERVICE WAKEFIELD, VA
132 AM EDT THU APR 26 2018


...................................

...THE NORFOLK VA CLIMATE SUMMARY FOR APRIL 25 2018...

CLIMATE NORMAL PERIOD 1981 TO 2010
CLIMATE RECORD PERIOD 1871 TO 2018


WEATHER ITEM   OBSERVED TIME   RECORD YEAR NORMAL DEPARTURE LAST
                VALUE   (LST)  VALUE       VALUE  FROM      YEAR
                                                  NORMAL
..................................................................
TEMPERATURE (F)
 YESTERDAY
  MAXIMUM         76    129 PM  96    1960  70      6       77
  MINIMUM         57    228 AM  38    1919  52      5       61
  AVERAGE         67                        61      6       69

PRECIPITATION (IN)
  YESTERDAY        0.98          2.53 1937   0.12   0.86     0.79
  MONTH TO DATE    3.34                      2.86   0.48     2.71
  SINCE MAR 1      7.22                      6.54   0.68     7.32
  SINCE JAN 1     12.46                     13.06  -0.60    12.39

SNOWFALL (IN)
  YESTERDAY        0.0           0.0  2002   0.0    0.0
  MONTH TO DATE    0.0                       0.0    0.0
  SINCE NOV 1     15.1                       5.8    9.3
  SINCE JUL 1     15.1                       5.8    9.3
  SNOW DEPTH       0

DEGREE DAYS
 HEATING
  YESTERDAY        0                         6     -6        0
  MONTH TO DATE  219                       213      6       94
  SINCE MAR 1    805                       705    100      566
  SINCE JUL 1   3159                      3274   -115     2618

 COOLING
  YESTERDAY        2                         2      0        4
  MONTH TO DATE   23                        30     -7       82
  SINCE MAR 1     30                        36     -6       98
  SINCE JAN 1     45                        37      8      101
..................................................................


WIND (MPH)
  HIGHEST WIND SPEED    16   HIGHEST WIND DIRECTION    SW (210)
  HIGHEST GUST SPEED    27   HIGHEST GUST DIRECTION    SW (220)
  AVERAGE WIND SPEED     5.9


SKY COVER
  POSSIBLE SUNSHINE  MM
  AVERAGE SKY COVER 0.8


WEATHER CONDITIONS
 THE FOLLOWING WEATHER WAS RECORDED YESTERDAY.
  HEAVY RAIN
  LIGHT RAIN
  FOG
  FOG W/VISIBILITY <= 1/4 MILE


RELATIVE HUMIDITY (PERCENT)
 HIGHEST   100           300 AM
 LOWEST     60           100 PM
 AVERAGE    80

..........................................................


THE NORFOLK VA CLIMATE NORMALS FOR TODAY
                         NORMAL    RECORD    YEAR
 MAXIMUM TEMPERATURE (F)   71        97      1960
 MINIMUM TEMPERATURE (F)   52        34      1888


SUNRISE AND SUNSET
APRIL 26 2018.........SUNRISE   616 AM EDT   SUNSET   749 PM EDT
APRIL 27 2018.........SUNRISE   615 AM EDT   SUNSET   750 PM EDT


-  INDICATES NEGATIVE NUMBERS.
R  INDICATES RECORD WAS SET OR TIED.
MM INDICATES DATA IS MISSING.
T  INDICATES TRACE AMOUNT.




$$
