000
CDUS41 KBOX 200528
CLIORH


CLIMATE REPORT
NATIONAL WEATHER SERVICE BOSTON/NORTON MA
127 AM EDT FRI APR 20 2018


...................................

...THE WORCESTER MA CLIMATE SUMMARY FOR APRIL 19 2018...

CLIMATE NORMAL PERIOD 1981 TO 2010
CLIMATE RECORD PERIOD 1892 TO 2018


WEATHER ITEM   OBSERVED TIME   RECORD YEAR NORMAL DEPARTURE LAST
                VALUE   (LST)  VALUE       VALUE  FROM      YEAR
                                                  NORMAL
..................................................................
TEMPERATURE (F)
 YESTERDAY
  MAXIMUM         40    300 PM  91    1976  57    -17       50
  MINIMUM         32   1159 PM  21    1926  38     -6       35
  AVERAGE         36                        48    -12       43

PRECIPITATION (IN)
  YESTERDAY        0.23          1.85 1983   0.13   0.10     0.06
  MONTH TO DATE    3.99                      2.70   1.29     3.24
  SINCE MAR 1      8.89                      6.91   1.98     7.25
  SINCE JAN 1     17.38                     13.63   3.75    13.60

SNOWFALL (IN)
  YESTERDAY        0.6           1.8  1983   0.1    0.5      0.0
  MONTH TO DATE    7.2                       2.3    4.9      2.9
  SINCE MAR 1     49.5                      13.7   35.8     20.5
  SINCE JUL 1     96.1                      63.6   32.5     78.3
  SNOW DEPTH      MM

DEGREE DAYS
 HEATING
  YESTERDAY       29                        18     11       22
  MONTH TO DATE  531                       401    130      325
  SINCE MAR 1   1500                      1340    160     1405
  SINCE JUL 1   6001                      6177   -176     5682

 COOLING
  YESTERDAY        0                         0      0        0
  MONTH TO DATE    0                         0      0        6
  SINCE MAR 1      0                         0      0        6
  SINCE JAN 1      0                         0      0        6
..................................................................


WIND (MPH)
  RESULTANT WIND SPEED   8   RESULTANT WIND DIRECTION   W (280)
  HIGHEST WIND SPEED    21   HIGHEST WIND DIRECTION     W (280)
  HIGHEST GUST SPEED    27   HIGHEST GUST DIRECTION     W (290)
  AVERAGE WIND SPEED     8.4


SKY COVER
  POSSIBLE SUNSHINE  MM
  AVERAGE SKY COVER 1.0


WEATHER CONDITIONS
 THE FOLLOWING WEATHER WAS RECORDED YESTERDAY.
  LIGHT RAIN
  SNOW
  LIGHT SNOW
  FOG


RELATIVE HUMIDITY (PERCENT)
 HIGHEST    96           900 AM
 LOWEST     70          1200 AM
 AVERAGE    83

..........................................................


THE WORCESTER MA CLIMATE NORMALS FOR TODAY
                         NORMAL    RECORD    YEAR
 MAXIMUM TEMPERATURE (F)   57        91      1941
 MINIMUM TEMPERATURE (F)   39        20      1926


SUNRISE AND SUNSET
APRIL 20 2018.........SUNRISE   559 AM EDT   SUNSET   735 PM EDT
APRIL 21 2018.........SUNRISE   557 AM EDT   SUNSET   736 PM EDT


-  INDICATES NEGATIVE NUMBERS.
R  INDICATES RECORD WAS SET OR TIED.
MM INDICATES DATA IS MISSING.
T  INDICATES TRACE AMOUNT.




$$
