000
CDUS43 KDDC 251443
CLIP28


CLIMATE REPORT
NATIONAL WEATHER SERVICE DODGE CITY KS
943 AM CDT FRI MAY 25 2018


...................................

...THE MEDICINE LODGE KS CLIMATE SUMMARY FOR MAY 25 2018...
VALID AS OF 0900 AM LOCAL TIME.

CLIMATE NORMAL PERIOD 1981 TO 2010
CLIMATE RECORD PERIOD 1893 TO 2018


WEATHER ITEM   OBSERVED TIME   RECORD YEAR NORMAL DEPARTURE LAST
                VALUE   (LST)  VALUE       VALUE  FROM      YEAR
                                                  NORMAL
..................................................................
TEMPERATURE (F)
 TODAY
  MAXIMUM         80    225 AM 103    1953  82     -2       85
  MINIMUM         65    655 AM  39    1901  58      7       51
  AVERAGE         73                        70      3       68

PRECIPITATION (IN)
  TODAY            0.02          1.51 2010   0.12  -0.10     0.00
  MONTH TO DATE    3.76                      2.56   1.20     4.93
  SINCE MAR 1      6.17                      7.25  -1.08    11.38
  SINCE JAN 1      6.55                      9.00  -2.45    15.30

..................................................................


WIND (MPH)
  HIGHEST WIND SPEED    35   HIGHEST WIND DIRECTION    NW (330)
  HIGHEST GUST SPEED    55   HIGHEST GUST DIRECTION     N (340)



WEATHER CONDITIONS
 THE FOLLOWING WEATHER WAS RECORDED TODAY.
  NO SIGNIFICANT WEATHER WAS OBSERVED.


RELATIVE HUMIDITY (PERCENT)
 HIGHEST    90          1200 AM
 LOWEST     49           200 AM

..........................................................


THE MEDICINE LODGE KS CLIMATE NORMALS FOR TOMORROW
                         NORMAL    RECORD    YEAR
 MAXIMUM TEMPERATURE (F)   83       101      1953
 MINIMUM TEMPERATURE (F)   59        40      1901


SUNRISE AND SUNSET
MAY 25 2018...........SUNRISE   619 AM CDT   SUNSET   844 PM CDT
MAY 26 2018...........SUNRISE   618 AM CDT   SUNSET   845 PM CDT


-  INDICATES NEGATIVE NUMBERS.
R  INDICATES RECORD WAS SET OR TIED.
MM INDICATES DATA IS MISSING.
T  INDICATES TRACE AMOUNT.




$$
