523
CDUS43 KPAH 250628
CLIPAH


CLIMATE REPORT
NATIONAL WEATHER SERVICE PADUCAH KY
127 AM CDT WED APR 25 2018


...................................

...THE PADUCAH KY CLIMATE SUMMARY FOR APRIL 24 2018...

CLIMATE NORMAL PERIOD 1981 TO 2010
CLIMATE RECORD PERIOD 1937 TO 2018


WEATHER ITEM   OBSERVED TIME   RECORD YEAR NORMAL DEPARTURE LAST
                VALUE   (LST)  VALUE       VALUE  FROM      YEAR
                                                  NORMAL
..................................................................
TEMPERATURE (F)
 YESTERDAY
  MAXIMUM         67    247 PM  88    1965  72     -5       78
  MINIMUM         53   1025 PM  33    1963  49      4       47
  AVERAGE         60                        61     -1       63

PRECIPITATION (IN)
  YESTERDAY        T             3.87 2011   0.18  -0.18     0.00
  MONTH TO DATE    6.52                      3.73   2.79     3.28
  SINCE MAR 1     10.48                      7.66   2.82     7.67
  SINCE JAN 1     23.03                     15.25   7.78    12.50

SNOWFALL (IN)
  YESTERDAY        0.0           0.0  2002   0.0    0.0      0.0
                                      2001
  MONTH TO DATE    1.0                       0.0    1.0      0.0
  SINCE MAR 1      1.2                       0.6    0.6      1.0
  SINCE JUL 1     13.7                       9.1    4.6      1.2
  SNOW DEPTH       0

DEGREE DAYS
 HEATING
  YESTERDAY        5                         6     -1        2
  MONTH TO DATE  344                       215    129       96
  SINCE MAR 1    889                       738    151      532
  SINCE JUL 1   4044                      4034     10     3011

 COOLING
  YESTERDAY        0                         2     -2        0
  MONTH TO DATE   12                        26    -14       54
  SINCE MAR 1     12                        33    -21       55
  SINCE JAN 1     23                        33    -10       55
..................................................................


WIND (MPH)
  HIGHEST WIND SPEED    14   HIGHEST WIND DIRECTION    NW (320)
  HIGHEST GUST SPEED    21   HIGHEST GUST DIRECTION    NW (330)
  AVERAGE WIND SPEED     5.8


SKY COVER
  POSSIBLE SUNSHINE  MM
  AVERAGE SKY COVER 0.9


WEATHER CONDITIONS
 THE FOLLOWING WEATHER WAS RECORDED YESTERDAY.
  LIGHT RAIN
  FOG


RELATIVE HUMIDITY (PERCENT)
 HIGHEST   100           100 AM
 LOWEST     67           700 PM
 AVERAGE    84

..........................................................


THE PADUCAH KY CLIMATE NORMALS FOR TODAY
                         NORMAL    RECORD    YEAR
 MAXIMUM TEMPERATURE (F)   72        88      1986
 MINIMUM TEMPERATURE (F)   50        32      2013


SUNRISE AND SUNSET
APRIL 25 2018.........SUNRISE   608 AM CDT   SUNSET   739 PM CDT
APRIL 26 2018.........SUNRISE   606 AM CDT   SUNSET   740 PM CDT


-  INDICATES NEGATIVE NUMBERS.
R  INDICATES RECORD WAS SET OR TIED.
MM INDICATES DATA IS MISSING.
T  INDICATES TRACE AMOUNT.

&&
...........................................................

***** AGRICULTURAL DATA *****

SOIL TEMPERATURES AT A DEPTH OF FOUR INCHES

UNDER GRASS... MAX: 59   MIN: 57


$$
