000
CDUS46 KPDT 260836
CLIPDT

CLIMATE REPORT
NATIONAL WEATHER SERVICE PENDLETON OR
135 AM PDT THU APR 26 2018


...................................

...THE PENDLETON OR CLIMATE SUMMARY FOR APRIL 25 2018...

CLIMATE NORMAL PERIOD 1981 TO 2010
CLIMATE RECORD PERIOD 1890 TO 2018


WEATHER ITEM   OBSERVED TIME   RECORD YEAR NORMAL DEPARTURE LAST
                VALUE   (LST)  VALUE       VALUE  FROM      YEAR
                                                  NORMAL
..................................................................
TEMPERATURE (F)
 YESTERDAY
  MAXIMUM         77    219 PM  94    1910  64     13       60
  MINIMUM         43    418 AM  22    1924  40      3       44
  AVERAGE         60                        52      8       52

PRECIPITATION (IN)
  YESTERDAY        0.00          0.98 1989   0.04  -0.04     0.17
  MONTH TO DATE    1.37                      0.99   0.38     1.76
  SINCE OCT 1      9.27                      8.85   0.42    13.55
  SINCE JAN 1      5.08                      4.85   0.23     8.03

SNOWFALL (IN)
  YESTERDAY        0.0           0.0  2002   0.0    0.0      0.0
                                      2001
                                      2000
  MONTH TO DATE    T                         0.0    0.0       T
  SINCE JAN 1      5.0                       7.7   -2.7     25.9
  SINCE JUL 1     15.0                      15.2   -0.2     44.4
  SNOW DEPTH       0

DEGREE DAYS
 HEATING
  YESTERDAY        5                        13     -8       13
  MONTH TO DATE  369                       371     -2      386
  SINCE MAR 1   1007                       988     19      971
  SINCE JUL 1   4784                      4887   -103     5273

 COOLING
  YESTERDAY        0                         0      0        0
  MONTH TO DATE    0                         0      0        0
  SINCE MAR 1      0                         0      0        0
  SINCE JAN 1      0                         0      0        0
..................................................................


WIND (MPH)
  HIGHEST WIND SPEED    14   HIGHEST WIND DIRECTION     N (20)
  HIGHEST GUST SPEED    16   HIGHEST GUST DIRECTION    NE (30)
  AVERAGE WIND SPEED     6.2


SKY COVER
  POSSIBLE SUNSHINE  MM
  AVERAGE SKY COVER 0.0


WEATHER CONDITIONS
 THE FOLLOWING WEATHER WAS RECORDED YESTERDAY.
  NO SIGNIFICANT WEATHER WAS OBSERVED.


RELATIVE HUMIDITY (PERCENT)
 HIGHEST    71          1000 PM
 LOWEST     21           200 PM
 AVERAGE    46

..........................................................


THE PENDLETON OR CLIMATE NORMALS FOR TODAY
                         NORMAL    RECORD    YEAR
 MAXIMUM TEMPERATURE (F)   64        86      1904
 MINIMUM TEMPERATURE (F)   41        25      1924
                                             1918


SUNRISE AND SUNSET
APRIL 26 2018.........SUNRISE   551 AM PDT   SUNSET   756 PM PDT
APRIL 27 2018.........SUNRISE   549 AM PDT   SUNSET   758 PM PDT


-  INDICATES NEGATIVE NUMBERS.
R  INDICATES RECORD WAS SET OR TIED.
MM INDICATES DATA IS MISSING.
T  INDICATES TRACE AMOUNT.




$$
