000
CDUS43 KUNR 230852
CLIPHP


CLIMATE REPORT
NATIONAL WEATHER SERVICE RAPID CITY SD
248 AM MDT WED MAY 23 2018


...................................

...THE PHILIP SD CLIMATE SUMMARY FOR MAY 22 2018...

CLIMATE NORMAL PERIOD 1981 TO 2010
CLIMATE RECORD PERIOD 9999 TO 9999


WEATHER ITEM   OBSERVED TIME   NORMAL DEPARTURE LAST
                VALUE   (LST)  VALUE  FROM      YEAR
                                      NORMAL
......................................................
TEMPERATURE (F)
 YESTERDAY
  MAXIMUM         83    242 PM  72     11       67
  MINIMUM         51    438 AM  46      5       39
  AVERAGE         67            59      8       53

PRECIPITATION (IN)
  YESTERDAY        0.19          0.10   0.09     0.08
  MONTH TO DATE    1.50          2.15  -0.65     1.03
  SINCE MAR 1      4.48          5.26  -0.78     3.59
  SINCE JAN 1      5.91          6.04  -0.13     4.66

DEGREE DAYS
 HEATING
  YESTERDAY        0             7     -7       12
  MONTH TO DATE  154           220    -66      194
  SINCE MAR 1   1933          1722    211     1526
  SINCE JUL 1   7473          7087    386     6586

 COOLING
  YESTERDAY        2             1      1        0
  MONTH TO DATE   17            17      0       13
  SINCE MAR 1     17            20     -3       13
  SINCE JAN 1     17            20     -3       13
......................................................


WIND (MPH)
  HIGHEST WIND SPEED    22   HIGHEST WIND DIRECTION    SW (240)
  HIGHEST GUST SPEED    26   HIGHEST GUST DIRECTION    SW (240)
  AVERAGE WIND SPEED     6.2


SKY COVER
  AVERAGE SKY COVER 0.1


WEATHER CONDITIONS
 THE FOLLOWING WEATHER WAS RECORDED YESTERDAY.
  THUNDERSTORM
  RAIN
  LIGHT RAIN
  FOG


RELATIVE HUMIDITY (PERCENT)
 HIGHEST   100           100 AM
 LOWEST     43           200 PM
 AVERAGE    72

..........................................................




SUNRISE AND SUNSET
MAY 23 2018...........SUNRISE   512 AM MDT   SUNSET   814 PM MDT
MAY 24 2018...........SUNRISE   512 AM MDT   SUNSET   815 PM MDT


-  INDICATES NEGATIVE NUMBERS.
R  INDICATES RECORD WAS SET OR TIED.
MM INDICATES DATA IS MISSING.
T  INDICATES TRACE AMOUNT.




$$
