000
CDUS41 KRLX 270815
CLIPKB


CLIMATE REPORT
NATIONAL WEATHER SERVICE CHARLESTON WV
414 AM EDT SUN MAY 27 2018


...................................

...THE PARKERSBURG WV CLIMATE SUMMARY FOR MAY 26 2018...

CLIMATE NORMAL PERIOD 1981 TO 2010
CLIMATE RECORD PERIOD 1889 TO 2018


WEATHER ITEM   OBSERVED TIME   RECORD YEAR NORMAL DEPARTURE LAST
                VALUE   (LST)  VALUE       VALUE  FROM      YEAR
                                                  NORMAL
..................................................................
TEMPERATURE (F)
 YESTERDAY
  MAXIMUM         87    340 PM  92    1939  76     11       77
  MINIMUM         64    434 AM  35    1988  54     10       58
  AVERAGE         76                        65     11       68

PRECIPITATION (IN)
  YESTERDAY        0.08          2.53 1990   0.14  -0.06     0.00
  MONTH TO DATE    4.25                      3.56   0.69     2.29
  SINCE JAN 1     23.12                     16.21   6.91    20.29

SNOWFALL (IN)
  YESTERDAY       MM
  MONTH TO DATE   MM
  SINCE SEP 1     MM
  SNOW DEPTH      MM

DEGREE DAYS
 HEATING
  YESTERDAY        0                         3     -3        0
  MONTH TO DATE   10                       134   -124      125
  SINCE MAR 1   1282                      1150    132      944
  SINCE JUL 1   4937                      4940     -3     3975

 COOLING
  YESTERDAY       11                         3      8        3
  MONTH TO DATE  149                        46    103       52
  SINCE MAR 1    169                        67    102       91
  SINCE JAN 1    175                        67    108       95
..................................................................


WIND (MPH)
  HIGHEST WIND SPEED    13   HIGHEST WIND DIRECTION     S (200)
  HIGHEST GUST SPEED    16   HIGHEST GUST DIRECTION     S (190)
  AVERAGE WIND SPEED     4.2


SKY COVER
  POSSIBLE SUNSHINE  MM
  AVERAGE SKY COVER 0.4


WEATHER CONDITIONS
 THE FOLLOWING WEATHER WAS RECORDED YESTERDAY.
  THUNDERSTORM
  LIGHT RAIN
  FOG
  HAZE


RELATIVE HUMIDITY (PERCENT)
 HIGHEST    93          1200 AM
 LOWEST     51           200 PM
 AVERAGE    72

..........................................................


THE PARKERSBURG WV CLIMATE NORMALS FOR TODAY
                         NORMAL    RECORD    YEAR
 MAXIMUM TEMPERATURE (F)   77        91      2012
 MINIMUM TEMPERATURE (F)   54        38      1983
                                             1961
                                             1949


SUNRISE AND SUNSET
MAY 27 2018...........SUNRISE   603 AM EDT   SUNSET   843 PM EDT
MAY 28 2018...........SUNRISE   603 AM EDT   SUNSET   844 PM EDT


-  INDICATES NEGATIVE NUMBERS.
R  INDICATES RECORD WAS SET OR TIED.
MM INDICATES DATA IS MISSING.
T  INDICATES TRACE AMOUNT.




$$
